{"id":99,"date":"2013-04-18T11:33:16","date_gmt":"2013-04-18T11:33:16","guid":{"rendered":"http:\/\/sindicatos.cgtp.pt\/sintab\/?page_id=99"},"modified":"2013-06-05T16:14:36","modified_gmt":"2013-06-05T16:14:36","slug":"contratacao-colectiva","status":"publish","type":"page","link":"https:\/\/sindicatos.cgtp.pt\/sintab\/contratacao-colectiva\/","title":{"rendered":"Contrata\u00e7\u00e3o Colectiva"},"content":{"rendered":"<p>A FESAHT (Federa\u00e7\u00e3o dos Sindicatos da Agricultura, Alimenta\u00e7\u00e3o, Bebidas, Hotelaria e Turismo de Portugal) Federa\u00e7\u00e3o na qual o SINTAB \u00e9 filiado, negoceia 36 Contratos Colectivos de Trabalho (CCT, AE, ACT) que abrangem do sector da Alimenta\u00e7\u00e3o 57.189 Trab, do sector da Agricultura 97.788 Trab, do sector das Bebidas 4.491 Trab e do sector dos Tabacos 700 Trab.<br \/>\nEst\u00e1 a negociar 2 novos AEs (Acordo de Empresa) que abrangem 1000 Trab.<br \/>\nSubscreve ainda 9 CCTs (Supermercados, Prod. Alimentares, Vinhos, Adegas, Panifica\u00e7\u00e3o &#8211; Administrativos e Bolacha &#8211; Administrativos)<\/p>\n<p>ALTERA\u00c7\u00d5ES AO C\u00d3DIGO DO TRABALHO<br \/>\nOs Contratos Colectivos de Trabalho s\u00e3o a Lei aplic\u00e1vel nos locais de trabalho.<br \/>\nAs altera\u00e7\u00f5es ao C\u00f3digo do Trabalho que entram em vigor a 1 de Agosto n\u00e3o podem sobrepor-se \u00e0s conven\u00e7\u00f5es colectivas de trabalho existentes.<\/p>\n","protected":false},"excerpt":{"rendered":"<p>A FESAHT (Federa\u00e7\u00e3o dos Sindicatos da Agricultura, Alimenta\u00e7\u00e3o, Bebidas, Hotelaria e Turismo de Portugal) Federa\u00e7\u00e3o na qual o SINTAB \u00e9 filiado, negoceia 36 Contratos Colectivos de Trabalho (CCT, AE, ACT) que abrangem do sector da Alimenta\u00e7\u00e3o 57.189 Trab, do sector &hellip; <a href=\"https:\/\/sindicatos.cgtp.pt\/sintab\/contratacao-colectiva\/\">Continuar a ler <span class=\"meta-nav\">&rarr;<\/span><\/a><\/p>\n","protected":false},"author":31,"featured_media":0,"parent":0,"menu_order":0,"comment_status":"closed","ping_status":"open","template":"","meta":{"footnotes":""},"class_list":["post-99","page","type-page","status-publish","hentry"],"_links":{"self":[{"href":"https:\/\/sindicatos.cgtp.pt\/sintab\/wp-json\/wp\/v2\/pages\/99","targetHints":{"allow":["GET"]}}],"collection":[{"href":"https:\/\/sindicatos.cgtp.pt\/sintab\/wp-json\/wp\/v2\/pages"}],"about":[{"href":"https:\/\/sindicatos.cgtp.pt\/sintab\/wp-json\/wp\/v2\/types\/page"}],"author":[{"embeddable":true,"href":"https:\/\/sindicatos.cgtp.pt\/sintab\/wp-json\/wp\/v2\/users\/31"}],"replies":[{"embeddable":true,"href":"https:\/\/sindicatos.cgtp.pt\/sintab\/wp-json\/wp\/v2\/comments?post=99"}],"version-history":[{"count":7,"href":"https:\/\/sindicatos.cgtp.pt\/sintab\/wp-json\/wp\/v2\/pages\/99\/revisions"}],"predecessor-version":[{"id":522,"href":"https:\/\/sindicatos.cgtp.pt\/sintab\/wp-json\/wp\/v2\/pages\/99\/revisions\/522"}],"wp:attachment":[{"href":"https:\/\/sindicatos.cgtp.pt\/sintab\/wp-json\/wp\/v2\/media?parent=99"}],"curies":[{"name":"wp","href":"https:\/\/api.w.org\/{rel}","templated":true}]}}