{"id":12,"date":"2013-03-13T13:30:32","date_gmt":"2013-03-13T13:30:32","guid":{"rendered":"http:\/\/sindicatos.redelocal\/tpl-sindicato\/?page_id=12"},"modified":"2014-10-31T10:55:13","modified_gmt":"2014-10-31T10:55:13","slug":"contacte-nos","status":"publish","type":"page","link":"https:\/\/sindicatos.cgtp.pt\/site-centro-norte\/contacte-nos\/","title":{"rendered":"Contacte-nos"},"content":{"rendered":"<p><strong><a href=\"https:\/\/sindicatos.cgtp.pt\/site-centro-norte\/wp-content\/blogs.dir\/46\/files\/sites\/46\/2013\/05\/cgtp-e1369843165578.jpg\"><img loading=\"lazy\" decoding=\"async\" class=\"alignright size-full wp-image-133\" alt=\"cgtp\" src=\"https:\/\/sindicatos.cgtp.pt\/site-centro-norte\/wp-content\/blogs.dir\/46\/files\/sites\/46\/2013\/05\/cgtp-e1369843165578.jpg\" width=\"162\" height=\"168\" \/><\/a>Nome:<\/strong> Sindicato dos Trabalhadores das Ind\u00fastrias Transformadoras, Energia e Actividades do Ambiente do Centro Norte (SITE Centro-Norte)<br \/>\n<strong>Telefone:<\/strong> 256 782 479<br \/>\n<strong>Correio electr\u00f3nico:<\/strong> &#x73;&#x69;&#116;e&#x63;&#x6e;&#64;&#110;e&#x74;&#x2e;&#110;&#111;v&#x69;&#x73;&#46;pt<br \/>\n<strong>Morada:<\/strong> Rua Padre Am\u00e9rico, 1, Apartado 406<br \/>\n<strong>C\u00f3digo Postal:<\/strong> 4524-907 Rio Me\u00e3o<\/p>\n<p><span style=\"text-decoration: underline\"><span style=\"color: #ff0000\">Toda a informa\u00e7\u00e3o pedida ser\u00e1 enviada para este contacto (Sede do Sindicato), posteriormente encaminhamos para as respectivas zonas.<\/span><\/span><\/p>\n<h3>Fale j\u00e1 connosco!<\/h3>\n<p>Pode colocar j\u00e1 as suas d\u00favidas ou sugest\u00f5es preenchendo o formul\u00e1rio abaixo:<br \/>\n[contact_form]<\/p>\n","protected":false},"excerpt":{"rendered":"<p>Nome: Sindicato dos Trabalhadores das Ind\u00fastrias Transformadoras, Energia e Actividades do Ambiente do Centro Norte (SITE Centro-Norte) Telefone: 256 782 479 Correio electr\u00f3nico: &#x73;&#x69;&#x74;&#x65;&#x63;&#x6e;&#x40;&#x6e;&#x65;&#x74;&#x2e;&#110;&#111;&#118;&#105;&#115;&#46;&#112;t Morada: Rua Padre Am\u00e9rico, 1, Apartado 406 C\u00f3digo Postal: 4524-907 Rio Me\u00e3o Toda a informa\u00e7\u00e3o pedida ser\u00e1 enviada para este contacto<\/p>\n","protected":false},"author":1,"featured_media":0,"parent":0,"menu_order":0,"comment_status":"closed","ping_status":"open","template":"","meta":{"footnotes":""},"class_list":["post-12","page","type-page","status-publish","hentry"],"_links":{"self":[{"href":"https:\/\/sindicatos.cgtp.pt\/site-centro-norte\/wp-json\/wp\/v2\/pages\/12","targetHints":{"allow":["GET"]}}],"collection":[{"href":"https:\/\/sindicatos.cgtp.pt\/site-centro-norte\/wp-json\/wp\/v2\/pages"}],"about":[{"href":"https:\/\/sindicatos.cgtp.pt\/site-centro-norte\/wp-json\/wp\/v2\/types\/page"}],"author":[{"embeddable":true,"href":"https:\/\/sindicatos.cgtp.pt\/site-centro-norte\/wp-json\/wp\/v2\/users\/1"}],"replies":[{"embeddable":true,"href":"https:\/\/sindicatos.cgtp.pt\/site-centro-norte\/wp-json\/wp\/v2\/comments?post=12"}],"version-history":[{"count":7,"href":"https:\/\/sindicatos.cgtp.pt\/site-centro-norte\/wp-json\/wp\/v2\/pages\/12\/revisions"}],"predecessor-version":[{"id":19,"href":"https:\/\/sindicatos.cgtp.pt\/site-centro-norte\/wp-json\/wp\/v2\/pages\/12\/revisions\/19"}],"wp:attachment":[{"href":"https:\/\/sindicatos.cgtp.pt\/site-centro-norte\/wp-json\/wp\/v2\/media?parent=12"}],"curies":[{"name":"wp","href":"https:\/\/api.w.org\/{rel}","templated":true}]}}

<p><strong><a href="https://sindicatos.cgtp.pt/site-centro-norte/wp-content/blogs.dir/46/files/sites/46/2013/05/cgtp-e1369843165578.jpg"><img loading="lazy" decoding="async" class="alignright size-full wp-image-133" alt="cgtp" src="https://sindicatos.cgtp.pt/site-centro-norte/wp-content/blogs.dir/46/files/sites/46/2013/05/cgtp-e1369843165578.jpg" width="162" height="168" /></a>Nome:</strong> Sindicato dos Trabalhadores das Indústrias Transformadoras, Energia e Actividades do Ambiente do Centro Norte (SITE Centro-Norte)<br />
<strong>Telefone:</strong> 256 782 479<br />
<strong>Correio electrónico:</strong> &#x73;&#x69;&#116;e&#x63;&#x6e;&#64;&#110;e&#x74;&#x2e;&#110;&#111;v&#x69;&#x73;&#46;pt<br />
<strong>Morada:</strong> Rua Padre Américo, 1, Apartado 406<br />
<strong>Código Postal:</strong> 4524-907 Rio Meão</p>
<p><span style="text-decoration: underline"><span style="color: #ff0000">Toda a informação pedida será enviada para este contacto (Sede do Sindicato), posteriormente encaminhamos para as respectivas zonas.</span></span></p>
<h3>Fale já connosco!</h3>
<p>Pode colocar já as suas dúvidas ou sugestões preenchendo o formulário abaixo:<br />
[contact_form]</p>

<p>Nome: Sindicato dos Trabalhadores das Indústrias Transformadoras, Energia e Actividades do Ambiente do Centro Norte (SITE Centro-Norte) Telefone: 256 782 479 Correio electrónico: &#x73;&#x69;&#x74;&#x65;&#x63;&#x6e;&#x40;&#x6e;&#x65;&#x74;&#x2e;&#110;&#111;&#118;&#105;&#115;&#46;&#112;t Morada: Rua Padre Américo, 1, Apartado 406 Código Postal: 4524-907 Rio Meão Toda a informação pedida será enviada para este contacto</p>
