{"id":12,"date":"2013-03-13T13:30:32","date_gmt":"2013-03-13T13:30:32","guid":{"rendered":"http:\/\/sindicatos.redelocal\/tpl-sindicato\/?page_id=12"},"modified":"2014-01-16T14:59:39","modified_gmt":"2014-01-16T14:59:39","slug":"contacte-nos","status":"publish","type":"page","link":"https:\/\/sindicatos.cgtp.pt\/uniao-braganca\/contacte-nos\/","title":{"rendered":"Contacte-nos"},"content":{"rendered":"<p><strong>Nome:<\/strong>\u00a0Uni\u00e3o dos\u00a0 Sindicatos de Bragan\u00e7a\/CGTP-IN<br \/>\n<strong>Telefone:<\/strong> 273 33 34 54<br \/>\n<strong>Correio electr\u00f3nico:<\/strong> usb&#114;&#97;&#103;&#x61;&#x6e;&#x63;&#x61;&#x40;&#x73;apo&#46;&#112;&#116;<br \/>\n<strong>Morada:<\/strong> Av.\u00aa S\u00e1 Carneiro Edif\u00edcio Parque, n.\u00ba 103\u00a0 1.\u00ba D\/F Ap.41<br \/>\n<strong>C\u00f3digo Postal:<\/strong> 5300 &#8211; 252 Bragan\u00e7a<\/p>\n<h3>Fale j\u00e1 connosco!<\/h3>\n<p>Pode colocar j\u00e1 as suas d\u00favidas ou sugest\u00f5es preenchendo o formul\u00e1rio abaixo:<br \/>\n[contact_form]<\/p>\n<p>&nbsp;<\/p>\n","protected":false},"excerpt":{"rendered":"<p>Nome:\u00a0Uni\u00e3o dos\u00a0 Sindicatos de Bragan\u00e7a\/CGTP-IN Telefone: 273 33 34 54 Correio electr\u00f3nico: us&#98;&#114;&#97;&#x67;&#x61;&#x6e;&#x63;a&#64;&#115;&#97;&#112;&#x6f;&#x2e;&#x70;&#x74; Morada: Av.\u00aa S\u00e1 Carneiro Edif\u00edcio Parque, n.\u00ba 103\u00a0 1.\u00ba D\/F Ap.41 C\u00f3digo Postal: 5300 &#8211; 252 Bragan\u00e7a Fale j\u00e1 connosco! Pode colocar j\u00e1 as suas d\u00favidas ou sugest\u00f5es preenchendo o formul\u00e1rio abaixo:<\/p>\n","protected":false},"author":1,"featured_media":0,"parent":0,"menu_order":0,"comment_status":"closed","ping_status":"open","template":"","meta":{"footnotes":""},"class_list":["post-12","page","type-page","status-publish","hentry"],"_links":{"self":[{"href":"https:\/\/sindicatos.cgtp.pt\/uniao-braganca\/wp-json\/wp\/v2\/pages\/12","targetHints":{"allow":["GET"]}}],"collection":[{"href":"https:\/\/sindicatos.cgtp.pt\/uniao-braganca\/wp-json\/wp\/v2\/pages"}],"about":[{"href":"https:\/\/sindicatos.cgtp.pt\/uniao-braganca\/wp-json\/wp\/v2\/types\/page"}],"author":[{"embeddable":true,"href":"https:\/\/sindicatos.cgtp.pt\/uniao-braganca\/wp-json\/wp\/v2\/users\/1"}],"replies":[{"embeddable":true,"href":"https:\/\/sindicatos.cgtp.pt\/uniao-braganca\/wp-json\/wp\/v2\/comments?post=12"}],"version-history":[{"count":5,"href":"https:\/\/sindicatos.cgtp.pt\/uniao-braganca\/wp-json\/wp\/v2\/pages\/12\/revisions"}],"predecessor-version":[{"id":19,"href":"https:\/\/sindicatos.cgtp.pt\/uniao-braganca\/wp-json\/wp\/v2\/pages\/12\/revisions\/19"}],"wp:attachment":[{"href":"https:\/\/sindicatos.cgtp.pt\/uniao-braganca\/wp-json\/wp\/v2\/media?parent=12"}],"curies":[{"name":"wp","href":"https:\/\/api.w.org\/{rel}","templated":true}]}}

<p><strong>Nome:</strong> União dos  Sindicatos de Bragança/CGTP-IN<br />
<strong>Telefone:</strong> 273 33 34 54<br />
<strong>Correio electrónico:</strong> usb&#114;&#97;&#103;&#x61;&#x6e;&#x63;&#x61;&#x40;&#x73;apo&#46;&#112;&#116;<br />
<strong>Morada:</strong> Av.ª Sá Carneiro Edifício Parque, n.º 103  1.º D/F Ap.41<br />
<strong>Código Postal:</strong> 5300 &#8211; 252 Bragança</p>
<h3>Fale já connosco!</h3>
<p>Pode colocar já as suas dúvidas ou sugestões preenchendo o formulário abaixo:<br />
[contact_form]</p>
<p>&nbsp;</p>

<p>Nome: União dos  Sindicatos de Bragança/CGTP-IN Telefone: 273 33 34 54 Correio electrónico: us&#98;&#114;&#97;&#x67;&#x61;&#x6e;&#x63;a&#64;&#115;&#97;&#112;&#x6f;&#x2e;&#x70;&#x74; Morada: Av.ª Sá Carneiro Edifício Parque, n.º 103  1.º D/F Ap.41 Código Postal: 5300 &#8211; 252 Bragança Fale já connosco! Pode colocar já as suas dúvidas ou sugestões preenchendo o formulário abaixo:</p>
