{"id":12,"date":"2013-03-13T13:30:32","date_gmt":"2013-03-13T13:30:32","guid":{"rendered":"http:\/\/sindicatos.redelocal\/tpl-sindicato\/?page_id=12"},"modified":"2022-05-23T11:28:27","modified_gmt":"2022-05-23T11:28:27","slug":"contacte-nos","status":"publish","type":"page","link":"https:\/\/sindicatos.cgtp.pt\/uniao-castelo-branco\/contacte-nos\/","title":{"rendered":"Contacte-nos"},"content":{"rendered":"<p align=\"center\"><b>Facebook: <\/b>Uni\u00e3o-de-Sindicatos-de-Castelo-Branco<\/p>\n<p><b>Casas Sindicais<\/b><\/p>\n<p><b>Covilh\u00e3<\/b><\/p>\n<p><b>Morada: <\/b>Rua Az\u00eado Gneco, 24, 6200-054 COVILH\u00c3<b><\/b><\/p>\n<p><b>&#8211; Contactos<\/b><\/p>\n<ul>\n<li><b>Geral<\/b><\/li>\n<\/ul>\n<p><b>Telefone:<\/b> 275335846<\/p>\n<p><b>Email:<\/b> <a href=\"m&#97;&#x69;&#x6c;t&#111;&#58;&#x75;&#x73;c&#98;&#46;&#x63;&#x67;t&#112;&#x40;&#x67;&#x6d;a&#105;&#x6c;&#x2e;c&#111;&#109;\">u&#115;&#99;&#x62;&#x2e;&#x63;&#x67;t&#112;&#64;&#103;&#x6d;&#x61;&#x69;l&#46;&#99;&#111;&#x6d;<\/a><\/p>\n<ul>\n<li><b>Tesouraria<\/b><\/li>\n<\/ul>\n<p><b>Telefone: <\/b>275 336 314<\/p>\n<p><b>Telem\u00f3ve<\/b>l: 967435092<\/p>\n<p><b>Email:<\/b> <a href=\"&#109;&#x61;&#x69;l&#116;&#x6f;&#x3a;u&#115;&#x63;b&#46;&#x73;&#x74;b&#98;&#x2e;c&#111;&#x6e;&#x74;a&#98;&#x40;&#x67;&#109;&#x61;&#x69;l&#46;&#x63;&#x6f;m\">usc&#98;&#46;&#115;&#x74;&#x62;&#x62;&#x2e;&#x63;&#x6f;nta&#98;&#64;&#103;&#109;&#x61;&#x69;&#x6c;&#x2e;&#x63;&#x6f;m<\/a><\/p>\n<p><b>\u00a0<\/b><\/p>\n<p><b>\u00a0<\/b><\/p>\n<p><b>Castelo Branco<\/b><\/p>\n<p><b>Morada:<\/b> Quinta do Amieiro de Baixo \u2013 Lote 4, n\u00ba 7 \u2013 R\/ch\u00e3o, 6000-129 Castelo Branco<\/p>\n<p><b>&#8211; Contactos<\/b><\/p>\n<p><b>Telefone: <\/b>272343434<\/p>\n<p><b>Email: <\/b>&#x64;&#101;&#108;e&#x67;&#x61;&#99;a&#x6f;&#x2e;&#117;sc&#x62;&#64;&#103;m&#x61;&#x69;&#108;&#46;&#x63;&#x6f;&#109; <b><\/b><\/p>\n<p><b>\u00a0<\/b><\/p>\n<p><b>Fund\u00e3o<\/b><\/p>\n<p><b>Morada:<\/b> Rua Aur\u00e9lio Pinto, BL. B R\/C Esq<b>, <\/b>6230-000 Fund\u00e3o<b><\/b><\/p>\n<p><b>&#8211; Contactos<\/b><\/p>\n<p><b>Telefone:<\/b> 275335846<b><\/b><\/p>\n<p><b>Email:<\/b>&#x75;&#x73;&#99;b&#x2e;&#x63;&#x67;&#116;p&#x40;&#x67;&#x6d;&#97;i&#x6c;&#x2e;&#x63;&#111;m<b> <\/b><\/p>\n<p><b>\u00a0<\/b><\/p>\n<p><b>Sindicatos<\/b><\/p>\n<p><b>\u00a0<\/b><\/p>\n<p><b>STBB \u2013 Sindicato dos Trabalhadores do Sector T\u00eaxtil da Beira Baixa<\/b><\/p>\n<p><b>Morada: <\/b>Rua Az\u00eado Gneco, 24, 6200-054 COVILH\u00c3<b><\/b><\/p>\n<p><b>Telefone:<\/b> 275322082<\/p>\n<p><b>Telem\u00f3vel:<\/b> 967435092<\/p>\n<p><b>E-mail:<\/b> stbb&#46;&#99;&#98;&#64;&#103;&#109;&#97;&#x69;&#x6c;&#x2e;&#x63;&#x6f;&#x6d;<\/p>\n<p><b>Redes sociais: <\/b><\/p>\n<p>&#8211; Facebook: @sindicatotextilbeirabaixa<\/p>\n<p>&nbsp;<\/p>\n<p>&nbsp;<\/p>\n<p><b>SEP \u2013 Sindicato dos Enfermeiros Portugueses<\/b><\/p>\n<p><b>Delega\u00e7\u00e3o de Castelo Branco<\/b><\/p>\n<p><b>Morada: <\/b>Quinta do Amieiro de Baixo \u2013 Lote 4, n\u00ba 7 \u2013 R\/ch\u00e3o, 6000-129 Castelo Branco<\/p>\n<p><b>Telefone:<\/b> 272326701<\/p>\n<p><b>E-mail:<\/b><b> <\/b>&#x73;&#101;&#112;c&#x62;&#x72;&#97;n&#x63;&#x6f;&#64;gm&#x61;&#105;&#108;&#46;&#x63;&#x6f;&#109;<\/p>\n<p><b>Site:<\/b> sep.org.pt<\/p>\n<p><b>Hor\u00e1rio de atendimento aos s\u00f3cios: <\/b>Mediante marca\u00e7\u00e3o &#8211; dias \u00fateis, das 9h30 \u00e0s 12h e das 14h \u00e0s 18h<\/p>\n<p><b>Redes sociais:<\/b><\/p>\n<p>&#8211;<b> <\/b>Facebook: @sepcastelobranco<\/p>\n<p><b>\u00a0<\/b><\/p>\n<p><b>SNTCT \u2013 Sindicato dos Trabalhadores dos Correios e Telecomunica\u00e7\u00f5es<\/b><\/p>\n<p><b>Morada: <\/b>Quinta do Amieiro de Baixo \u2013 Lote 4, n\u00ba 7 \u2013 R\/ch\u00e3o, 6000-129 Castelo Branco<\/p>\n<p><b>Telefone: <\/b>272341073<\/p>\n<p><b>E-mail: <\/b>&#x73;&#110;t&#x63;&#x74;&#64;m&#x61;&#x69;&#108;&#46;&#x74;&#101;l&#x65;&#x70;&#97;c&#x2e;&#x70;&#116;<\/p>\n<p><b>Site: <\/b>www.sntct.pt<\/p>\n<p><b>Redes sociais:<\/b><\/p>\n<p><b>&#8211; Facebook: <\/b>@sntct<b> <\/b><\/p>\n<p>&nbsp;<\/p>\n<p>&nbsp;<\/p>\n<p><b>SITE \u2013 Sindicato dos Trabalhadores das Ind\u00fastrias Transformadoras de Energia e Actividades do Ambiente, Centro, Sul e Regi\u00f5es Aut\u00f3nomas<\/b><\/p>\n<p><b>Morada: <\/b>Quinta do Amieiro de Baixo \u2013 Lote 4, n\u00ba 7 \u2013 R\/ch\u00e3o, 6000-129 Castelo Branco<\/p>\n<p><b>Telefone: <\/b>272343434<\/p>\n<p><b>E-mail: <\/b>&#x64;&#101;&#x6c;&#101;g&#x61;&#99;a&#x6f;&#46;&#x75;&#x73;c&#x62;&#64;g&#x6d;&#97;&#x69;&#x6c;&#46;&#x63;&#111;m<\/p>\n<p><b>Redes sociais:<\/b><\/p>\n<p><b>&#8211; Facebook: <\/b>SITE \u2013 CSRA \u2013 delega\u00e7\u00e3o Castelo Branco<\/p>\n<p>&nbsp;<\/p>\n<p><b>\u00a0<\/b><\/p>\n<p><b>STAL \u2013 Sindicato Nacional dos Trabalhadores da Administra\u00e7\u00e3o Local e Regional, Empresas P\u00fablicas, Concession\u00e1rias e Afins<\/b><\/p>\n<p><b>Morada: <\/b>Rua Az\u00eado Gneco, 24, 6200-054 COVILH\u00c3<\/p>\n<p><b>Telefone: <\/b>275334199<\/p>\n<p><b>Telem\u00f3vel: <\/b>912592262<b><\/b><\/p>\n<p><b>E-mail: <\/b>s&#116;&#97;&#x6c;&#x2e;&#x63;as&#116;&#101;&#x6c;&#x6f;&#x62;r&#97;&#110;&#99;&#x6f;&#x40;&#x73;t&#97;&#108;&#x2e;&#x70;&#x74;<\/p>\n<p><b>Site: <\/b>www.stal.pt<\/p>\n<p><b>Redes sociais:<\/b><\/p>\n<p><b>&#8211; Facebook: <\/b>@stalcastelobranco11<\/p>\n<p>&nbsp;<\/p>\n<p><b>CESP \u2013 Sindicato dos Trabalhadores do Com\u00e9rcio, Escrit\u00f3rios e Servi\u00e7os de Portugal<\/b><\/p>\n<p><b>Morada: <\/b>Rua Az\u00eado Gneco, 24, 6200-054 COVILH\u00c3<b><\/b><\/p>\n<p><b>Telefone:<\/b> 275322082<\/p>\n<p><b>Telem\u00f3vel:<\/b> 967435092<\/p>\n<p><b>Site: <\/b>www.cesp1.net<\/p>\n<p><b>Redes sociais:<\/b><\/p>\n<p><b>&#8211; Facebook: <\/b>@cesp.sindicato<\/p>\n<p>&nbsp;<\/p>\n<p><b>Sindicato dos Trabalhadores das Ind\u00fastrias de CER\u00c2MICA, Cimentos, Constru\u00e7\u00e3o, Madeiras, M\u00e1rmores e Similares da Regi\u00e3o CENTRO<\/b><\/p>\n<p><b>Morada: <\/b>Rua Sim\u00f5es de Castro, 151 \u2013 2\u00ba Drt. Apartado 303, 3000-388 COIMBRA<\/p>\n<p><b>Telefone: <\/b>239851490<\/p>\n<p><b>Email: <\/b>&#x63;&#x61;&#x73;&#x61;&#x73;&#x69;&#x6e;&#x64;&#x69;&#x63;&#x61;&#x6c;&#x63;&#x6f;&#x69;&#x6d;&#x62;&#x72;&#x61;&#x40;&#x67;&#x6d;&#97;&#105;&#108;&#46;&#99;&#111;&#109;<\/p>\n<p><i>\u00a0<\/i><\/p>\n<p><b>SPRC \u2013 Sindicato dos Professores da Regi\u00e3o Centro<\/b><\/p>\n<p><b>Geral<\/b><\/p>\n<p><b>Site: <\/b>www.sprc.pt<\/p>\n<p><b>Redes sociais: <\/b><\/p>\n<p><b>&#8211; Facebook: <\/b>@sprcentro<\/p>\n<p><i>\u00a0<\/i><\/p>\n<ul>\n<li><b>Dire\u00e7\u00e3o Distrital de Castelo Branco<\/b><\/li>\n<\/ul>\n<p><b>Morada: <\/b>Rua Jo\u00e3o Alves da Silva 3, 1\u00ba Dto, 6200-118 COVILH\u00c3<\/p>\n<p><b>Telefone: <\/b>275 322 387<\/p>\n<p><b>Telem\u00f3vel: <\/b>916141399, 962 869 261<\/p>\n<p><b>Email: <\/b>&#x63;o&#x76;&#105;&#x6c;&#x68;a&#x40;&#115;&#x70;&#x72;c&#x2e;&#112;&#x74;<\/p>\n<ul>\n<li><b>Delega\u00e7\u00e3o da Dire\u00e7\u00e3o Distrital em Castelo Branco<\/b><\/li>\n<\/ul>\n<p><b>Morada: <\/b>Rua da Quinta do Amieiro de Baixo, Lote 4, r\/c, 6000-129 Castelo Branco<\/p>\n<p><b>Telefone: <\/b>272 343 224<\/p>\n<p><b>Telem\u00f3vel: <\/b>964 893 100<b><\/b><\/p>\n<p><b>Email: <\/b><a href=\"&#x6d;&#97;&#x69;&#x6c;&#116;&#x6f;&#x3a;&#99;&#x61;&#x73;&#116;&#x65;&#x6c;o&#x62;&#x72;a&#x6e;&#99;o&#x40;&#115;p&#x72;&#99;&#46;&#x70;&#116;\">&#99;&#x61;s&#116;&#x65;&#108;&#x6f;b&#114;&#x61;n&#x63;&#x6f;&#64;&#x73;p&#114;&#x63;&#46;&#x70;&#x74;<\/a><\/p>\n<p>&nbsp;<\/p>\n<p><b>SINTAB \u2013 Sindicato dos Trabalhadores da Agricultura e das Ind\u00fastrias da Alimenta\u00e7\u00e3o, Bebidas e Tabacos de Portugal <\/b><\/p>\n<p><b>Rede Social: <\/b>Facebook &#8211; Sintab \u2013 Delega\u00e7\u00e3o Castelo Branco<\/p>\n<p><b>Site: <\/b>www.sindicatos.cgtp.pt\/sintab\/<\/p>\n<p>&nbsp;<\/p>\n<ul>\n<li><b>Delega\u00e7\u00e3o da Uni\u00e3o de Sindicatos de Castelo Branco<\/b><\/li>\n<\/ul>\n<p><b>Morada:<\/b> Rua Az\u00eado Gneco, 24, 6200-054 COVILH\u00c3<\/p>\n<p><b>Telefone: <\/b>\u00a0275335846<\/p>\n<ul>\n<li><b>Delega\u00e7\u00e3o conjunta de Castelo Branco<\/b><\/li>\n<\/ul>\n<p><b>Morada: <\/b>Rua da Quinta do Amieiro de Baixo, Lote 4, r\/c, 6000-129 Castelo Branco<\/p>\n<p><b>Telefone: <\/b>272 343 224<\/p>\n<p><b>Email: <\/b>&#x64;&#101;l&#x65;&#x67;&#97;c&#x61;&#111;&#46;&#x75;&#x73;&#99;b&#x40;&#103;m&#x61;&#x69;&#108;&#46;&#x63;&#x6f;&#109;<\/p>\n<p>&nbsp;<\/p>\n<p><b>STFPSSRA \u2013 Sindicato dos Trabalhadores em Fun\u00e7\u00f5es P\u00fablicas e Sociais do Sul e Regi\u00f5es Aut\u00f3nomas <\/b><\/p>\n<p><b>Site: <\/b>www.stfpssra.pt<\/p>\n<p><b>Redes sociais:<\/b> <i>n\u00e3o t\u00eam<\/i><\/p>\n<p><i>\u00a0<\/i><\/p>\n<ul>\n<li><b>Delega\u00e7\u00e3o de Castelo Branco \u2013 Castelo Branco<\/b><\/li>\n<\/ul>\n<p><b>Morada: <\/b>Rua da S\u00e9, 14 6000 \u2013 172 Castelo Branco<\/p>\n<p><b>Telefone:<\/b> 272340230<\/p>\n<p><b>Email:<\/b> &#x64;&#x65;&#108;&#101;g&#x2e;&#x63;&#x62;&#114;an&#x63;&#x6f;&#64;&#115;t&#x66;&#x70;&#x73;&#115;ra&#x2e;&#x70;&#116;<\/p>\n<p>&nbsp;<\/p>\n<ul>\n<li><b>Delega\u00e7\u00e3o de Castelo Branco \u2013 Covilh\u00e3<\/b><\/li>\n<\/ul>\n<p><b>Morada: <\/b>Rua Azedo Gneco, 24 6200 \u2013 054 Covilh\u00e3<\/p>\n<p><b>Telefone:<\/b> 275334905<\/p>\n<p><b>Email:<\/b> &#100;&#x65;&#x6c;e&#103;&#x2e;c&#111;&#x76;i&#108;&#x68;a&#64;&#x73;&#x74;&#102;&#x70;&#x73;s&#114;&#x61;&#46;&#112;&#x74;<\/p>\n<p>&nbsp;<\/p>\n<p><b>Sindicato dos Trabalhadores da Ind\u00fastria Mineira <\/b><\/p>\n<p><i>\u00a0<\/i><\/p>\n<p><b>Sindicato dos Trabalhadores da Ind\u00fastria de Hotelaria, Turismo, Restaurantes e Similares do Centro<\/b><\/p>\n<p><b>Morada: <\/b>Rua Sim\u00f5es de Castro, 151 \u2013 2\u00ba Drt\u00ba 3000-388 Coimbra<\/p>\n<p><b>Telefone: <\/b>239851490<b><\/b><\/p>\n<p><b>Email:<\/b> &#115;&#x69;&#110;&#x64;&#104;&#x6f;&#116;&#x63;&#101;&#x6e;&#116;&#x72;&#111;&#x40;&#103;&#x6d;&#97;&#x69;&#108;&#x2e;&#99;&#x6f;&#109;<\/p>\n<p><b>Redes sociais: <\/b>@sindicatohotelariacentro<\/p>\n<p><b>\u00a0<\/b><\/p>\n<p><b>\u00a0<\/b><\/p>\n<p><b>STRUP \u2013 Sindicato dos Trabalhadores de Transportes Rodovi\u00e1rios e Urbanos de Portugal<\/b><\/p>\n<p><b>Morada: <\/b>Rua da Quinta do Amieiro de Baixo, Lote 4, r\/c, 6000-129 Castelo Branco<\/p>\n<p><b>Telefone: <\/b>272343434<\/p>\n<p><b>Site: <\/b>www.strup.pt<\/p>\n<p><b>Redes sociais: <\/b>@STRUP.CGTP.IN<\/p>\n<p><i>\u00a0<\/i><\/p>\n<p><b>Sindicato Nacional dos Trabalhadores do Setor Ferrovi\u00e1rio<\/b><\/p>\n<p><i>\u00a0<\/i><\/p>\n<p><b>SINTTAV \u2013 Sindicato dos Trabalhadores das Telecomunica\u00e7\u00f5es e Audiovisuais<\/b><\/p>\n<p><strong>\u00a0<\/strong><\/p>\n<h3>Fale j\u00e1 connosco!<\/h3>\n<p>Pode colocar j\u00e1 as suas d\u00favidas ou sugest\u00f5es preenchendo o formul\u00e1rio abaixo:<br \/>\n\n\n<!-- Fast Secure Contact Form plugin 4.0.36 - begin - FastSecureContactForm.com -->\r\n<div style=\"clear:both;\"><\/div>\n\r\n<div id=\"FSContact1\" style=\"width:99%; max-width:555px;\">\r\n<form action=\"https:\/\/sindicatos.cgtp.pt\/uniao-castelo-branco\/wp-json\/wp\/v2\/pages\/12#FSContact1\" id=\"fscf_form1\" method=\"post\">\r\n\n<div id=\"fscf_required1\">\n  <span style=\"text-align:left;\">*<\/span> <span style=\"text-align:left;\">campos obrigat\u00f3rios<\/span>\n<\/div>\n\n\n<div id=\"fscf_div_clear1_6\" style=\"clear:both;\">\n  <div id=\"fscf_div_field1_6\" style=\"clear:left; float:left; width:99%; max-width:550px; margin-right:10px;\">\n    <div  id=\"fscf_label1_6\" style=\"text-align:left; padding-top:5px;\">\r\n      <label style=\"visibility: hidden;\" for=\"fscf_field1_6\">e-mail:<\/label>\n    <\/div>\n    <div style=\"text-align:left;\">\n      <input style=\"visibility: hidden;\" type=\"email\" id=\"fscf_field1_6\" name=\"dados\" value=\"\"  \/>\n    <\/div>\n  <\/div>\n<\/div>\n\n<div id=\"fscf_div_clear1_0\" style=\"clear:both;\">\n  <div id=\"fscf_div_field1_0\" style=\"clear:left; float:left; width:99%; max-width:550px; margin-right:10px;\">\r\n    <div style=\"text-align:left; padding-top:5px;\">\n      <label style=\"text-align:left;\" for=\"fscf_name1\">Nome:<span style=\"text-align:left;\">*<\/span><\/label>\n    <\/div>\r\n    <div style=\"text-align:left;\">\r\n      <input style=\"text-align:left; margin:0; width:99%; max-width:250px;\" type=\"text\" id=\"fscf_name1\" name=\"full_name\" value=\"\"  \/>\r\n    <\/div>\r\n  <\/div>\n<\/div>\n\n<div id=\"fscf_div_clear1_1\" style=\"clear:both;\">\n  <div id=\"fscf_div_field1_1\" style=\"clear:left; float:left; width:99%; max-width:550px; margin-right:10px;\">\n    <div style=\"text-align:left; padding-top:5px;\">\n      <label style=\"text-align:left;\" for=\"fscf_email1\">Endere\u00e7o de Correio Electr\u00f3nico:<span style=\"text-align:left;\">*<\/span><\/label>\n    <\/div>\n    <div style=\"text-align:left;\">\n      <input style=\"text-align:left; margin:0; width:99%; max-width:250px;\" type=\"text\" id=\"fscf_email1\" name=\"email\" value=\"\"  \/>\n    <\/div>\n  <\/div>\n<\/div>\n\n<div id=\"fscf_div_clear1_4\" style=\"clear:both;\">\n  <div id=\"fscf_div_field1_4\" style=\"clear:left; float:left; width:99%; max-width:550px; margin-right:10px;\">\n    <div  id=\"fscf_label1_4\" style=\"text-align:left; padding-top:5px;\">\r\n      <label style=\"text-align:left;\" for=\"fscf_field1_4\">N\u00famero de Telefone:<\/label>\n    <\/div>\n    <div style=\"text-align:left;\">\n      <input style=\"text-align:left; margin:0; width:99%; max-width:250px;\" type=\"text\" id=\"fscf_field1_4\" name=\"numero-de-telefone\" value=\"\"  \/>\n    <\/div>\n  <\/div>\n<\/div>\n\n<div id=\"fscf_div_clear1_5\" style=\"clear:both;\">\n  <div id=\"fscf_div_field1_5\" style=\"clear:left; float:left; width:99%; max-width:550px; margin-right:10px;\">\n    <div  id=\"fscf_label1_5\" style=\"text-align:left; padding-top:5px;\">\r\n      <label style=\"text-align:left;\" for=\"fscf_field1_5\">Local de Trabalho:<\/label>\n    <\/div>\n    <div style=\"text-align:left;\">\n      <input style=\"text-align:left; margin:0; width:99%; max-width:250px;\" type=\"text\" id=\"fscf_field1_5\" name=\"Local-de-Trabalho\" value=\"\"  \/>\n    <\/div>\n  <\/div>\n<\/div>\n\n<div id=\"fscf_div_clear1_2\" style=\"clear:both;\">\n  <div id=\"fscf_div_field1_2\" style=\"clear:left; float:left; width:99%; max-width:550px; margin-right:10px;\">\n    <div style=\"text-align:left; padding-top:5px;\">\n      <label style=\"text-align:left;\" for=\"fscf_field1_2\">Assunto:<span style=\"text-align:left;\">*<\/span><\/label>\n    <\/div>\n    <div style=\"text-align:left;\">\n      <input style=\"text-align:left; margin:0; width:99%; max-width:250px;\" type=\"text\" id=\"fscf_field1_2\" name=\"subject\" value=\"\"  \/>\n    <\/div>\n  <\/div>\n<\/div>\n\n<div id=\"fscf_div_clear1_3\" style=\"clear:both;\">\n  <div id=\"fscf_div_field1_3\" style=\"clear:left; float:left; width:99%; max-width:550px; margin-right:10px;\">\n    <div style=\"text-align:left; padding-top:5px;\">\n      <label style=\"text-align:left;\" for=\"fscf_field1_3\">Mensagem:<span style=\"text-align:left;\">*<\/span><\/label>\n    <\/div>\n    <div style=\"text-align:left;\">\n      <textarea style=\"text-align:left; margin:0; width:99%; max-width:250px; height:120px;\" id=\"fscf_field1_3\" name=\"message\" cols=\"30\" rows=\"10\" ><\/textarea>\n    <\/div>\n  <\/div>\n<\/div>\r\n<div style=\"clear:both;\"><\/div>\n\n<div id=\"fscf_submit_div1\" style=\"text-align:left; clear:both; padding-top:15px;\">\r\n\t\t<input type=\"submit\" id=\"fscf_submit1\" style=\"cursor:pointer; margin:0;\" value=\"Enviar\"  onclick=\"this.disabled=true; this.value='a enviar...'; this.form.submit();\" \/> \n<\/div>\n\n<input type=\"hidden\" name=\"fscf_submitted\" value=\"0\" \/>\n<input type=\"hidden\" name=\"fs_postonce_1\" value=\"7ea8d47e0432542807a7596d89558686,1776752266\" \/>\n<input type=\"hidden\" name=\"si_contact_action\" value=\"send\" \/>\n<input type=\"hidden\" name=\"form_id\" value=\"1\" \/>\n<input type=\"hidden\" name=\"mailto_id\" value=\"1\" \/>\n\n<\/form>\n<\/div>\r\n<div style=\"clear:both;\"><\/div>\n\n<!-- Fast Secure Contact Form plugin 4.0.36 - end - FastSecureContactForm.com -->\n<\/p>\n","protected":false},"excerpt":{"rendered":"<p>Facebook: Uni\u00e3o-de-Sindicatos-de-Castelo-Branco Casas Sindicais Covilh\u00e3 Morada: Rua Az\u00eado Gneco, 24, 6200-054 COVILH\u00c3 &#8211; Contactos Geral Telefone: 275335846 Email: us&#99;&#98;&#46;&#99;&#x67;&#x74;&#x70;&#x40;&#x67;ma&#105;&#108;&#46;&#99;&#x6f;&#x6d; Tesouraria Telefone: 275 336 314 Telem\u00f3vel: 967435092 Email: &#x75;&#x73;&#x63;&#x62;&#x2e;&#115;&#116;&#98;&#98;&#46;co&#x6e;&#x74;&#x61;&#x62;&#x40;&#x67;&#109;&#97;&#105;l&#46;c&#x6f;&#x6d; \u00a0 \u00a0 Castelo Branco Morada: Quinta do Amieiro de Baixo \u2013 Lote 4, n\u00ba 7 \u2013 R\/ch\u00e3o,<\/p>\n","protected":false},"author":1,"featured_media":0,"parent":0,"menu_order":0,"comment_status":"closed","ping_status":"open","template":"","meta":{"footnotes":""},"class_list":["post-12","page","type-page","status-publish","hentry"],"_links":{"self":[{"href":"https:\/\/sindicatos.cgtp.pt\/uniao-castelo-branco\/wp-json\/wp\/v2\/pages\/12","targetHints":{"allow":["GET"]}}],"collection":[{"href":"https:\/\/sindicatos.cgtp.pt\/uniao-castelo-branco\/wp-json\/wp\/v2\/pages"}],"about":[{"href":"https:\/\/sindicatos.cgtp.pt\/uniao-castelo-branco\/wp-json\/wp\/v2\/types\/page"}],"author":[{"embeddable":true,"href":"https:\/\/sindicatos.cgtp.pt\/uniao-castelo-branco\/wp-json\/wp\/v2\/users\/1"}],"replies":[{"embeddable":true,"href":"https:\/\/sindicatos.cgtp.pt\/uniao-castelo-branco\/wp-json\/wp\/v2\/comments?post=12"}],"version-history":[{"count":10,"href":"https:\/\/sindicatos.cgtp.pt\/uniao-castelo-branco\/wp-json\/wp\/v2\/pages\/12\/revisions"}],"predecessor-version":[{"id":437,"href":"https:\/\/sindicatos.cgtp.pt\/uniao-castelo-branco\/wp-json\/wp\/v2\/pages\/12\/revisions\/437"}],"wp:attachment":[{"href":"https:\/\/sindicatos.cgtp.pt\/uniao-castelo-branco\/wp-json\/wp\/v2\/media?parent=12"}],"curies":[{"name":"wp","href":"https:\/\/api.w.org\/{rel}","templated":true}]}}