{"id":31,"date":"2013-03-13T17:25:13","date_gmt":"2013-03-13T17:25:13","guid":{"rendered":"http:\/\/sindicatos.redelocal\/tpl-sindicato\/?page_id=31"},"modified":"2013-03-13T17:29:17","modified_gmt":"2013-03-13T17:29:17","slug":"estatutos","status":"publish","type":"page","link":"https:\/\/sindicatos.cgtp.pt\/uniao-castelo-branco\/sindicato\/estatutos\/","title":{"rendered":"Estatutos"},"content":{"rendered":"<h2 style=\"text-align: center;\">Cap\u00edtulo I<\/h2>\n<p style=\"text-align: center;\"><strong>Denomina\u00e7\u00e3o, \u00e2mbito e sede<\/strong><\/p>\n<h4 style=\"text-align: center;\">Artigo 1\u00ba<\/h4>\n<p>(&#8230;)<\/p>\n<h4 style=\"text-align: center;\">Artigo 2\u00ba<\/h4>\n<p>&nbsp;<\/p>\n","protected":false},"excerpt":{"rendered":"<p>Cap\u00edtulo I Denomina\u00e7\u00e3o, \u00e2mbito e sede Artigo 1\u00ba (&#8230;) Artigo 2\u00ba &nbsp;<\/p>\n","protected":false},"author":1,"featured_media":0,"parent":25,"menu_order":0,"comment_status":"closed","ping_status":"open","template":"","meta":{"footnotes":""},"class_list":["post-31","page","type-page","status-publish","hentry"],"_links":{"self":[{"href":"https:\/\/sindicatos.cgtp.pt\/uniao-castelo-branco\/wp-json\/wp\/v2\/pages\/31","targetHints":{"allow":["GET"]}}],"collection":[{"href":"https:\/\/sindicatos.cgtp.pt\/uniao-castelo-branco\/wp-json\/wp\/v2\/pages"}],"about":[{"href":"https:\/\/sindicatos.cgtp.pt\/uniao-castelo-branco\/wp-json\/wp\/v2\/types\/page"}],"author":[{"embeddable":true,"href":"https:\/\/sindicatos.cgtp.pt\/uniao-castelo-branco\/wp-json\/wp\/v2\/users\/1"}],"replies":[{"embeddable":true,"href":"https:\/\/sindicatos.cgtp.pt\/uniao-castelo-branco\/wp-json\/wp\/v2\/comments?post=31"}],"version-history":[{"count":3,"href":"https:\/\/sindicatos.cgtp.pt\/uniao-castelo-branco\/wp-json\/wp\/v2\/pages\/31\/revisions"}],"predecessor-version":[{"id":116,"href":"https:\/\/sindicatos.cgtp.pt\/uniao-castelo-branco\/wp-json\/wp\/v2\/pages\/31\/revisions\/116"}],"up":[{"embeddable":true,"href":"https:\/\/sindicatos.cgtp.pt\/uniao-castelo-branco\/wp-json\/wp\/v2\/pages\/25"}],"wp:attachment":[{"href":"https:\/\/sindicatos.cgtp.pt\/uniao-castelo-branco\/wp-json\/wp\/v2\/media?parent=31"}],"curies":[{"name":"wp","href":"https:\/\/api.w.org\/{rel}","templated":true}]}}