{"id":1053,"date":"2014-11-13T22:10:46","date_gmt":"2014-11-13T22:10:46","guid":{"rendered":"http:\/\/sindicatos.cgtp.pt\/uniao-evora\/wp-content\/blogs.dir\/44\/files\/sites\/44\/2014\/11\/Concentra\u00e7\u00e3o-Eurest-trabalhadoras-a.s-Montemor.jpg"},"modified":"2014-11-13T22:10:46","modified_gmt":"2014-11-13T22:10:46","slug":"concentracao-eurest-trabalhadoras-a-s-montemor","status":"inherit","type":"attachment","link":"https:\/\/sindicatos.cgtp.pt\/uniao-evora\/2014\/11\/13\/13-nov-indignacao-accao-e-luta\/concentracao-eurest-trabalhadoras-a-s-montemor\/","title":{"rendered":"Concentra\u00e7\u00e3o Eurest &#8211; trabalhadoras a.s Montemor"},"author":41,"featured_media":0,"comment_status":"closed","ping_status":"open","template":"","meta":[],"class_list":["post-1053","attachment","type-attachment","status-inherit","hentry"],"description":{"rendered":"<p class=\"attachment\"><a href='https:\/\/sindicatos.cgtp.pt\/uniao-evora\/wp-content\/blogs.dir\/44\/files\/sites\/44\/2014\/11\/Concentra\u00e7\u00e3o-Eurest-trabalhadoras-a.s-Montemor.jpg'><img loading=\"lazy\" decoding=\"async\" width=\"240\" height=\"180\" src=\"https:\/\/sindicatos.cgtp.pt\/uniao-evora\/wp-content\/blogs.dir\/44\/files\/sites\/44\/2014\/11\/Concentra\u00e7\u00e3o-Eurest-trabalhadoras-a.s-Montemor-240x180.jpg\" class=\"attachment-medium size-medium\" alt=\"\" srcset=\"https:\/\/sindicatos.cgtp.pt\/uniao-evora\/wp-content\/blogs.dir\/44\/files\/sites\/44\/2014\/11\/Concentra\u00e7\u00e3o-Eurest-trabalhadoras-a.s-Montemor-240x180.jpg 240w, https:\/\/sindicatos.cgtp.pt\/uniao-evora\/wp-content\/blogs.dir\/44\/files\/sites\/44\/2014\/11\/Concentra\u00e7\u00e3o-Eurest-trabalhadoras-a.s-Montemor-160x120.jpg 160w, https:\/\/sindicatos.cgtp.pt\/uniao-evora\/wp-content\/blogs.dir\/44\/files\/sites\/44\/2014\/11\/Concentra\u00e7\u00e3o-Eurest-trabalhadoras-a.s-Montemor.jpg 448w\" sizes=\"auto, (max-width: 240px) 100vw, 240px\" \/><\/a><\/p>\n"},"caption":{"rendered":""},"alt_text":"","media_type":"image","mime_type":"image\/jpeg","media_details":{"width":448,"height":336,"file":"2014\/11\/Concentra\u00e7\u00e3o-Eurest-trabalhadoras-a.s-Montemor.jpg","sizes":{"thumbnail":{"file":"Concentra\u00e7\u00e3o-Eurest-trabalhadoras-a.s-Montemor-120x120.jpg","width":120,"height":120,"mime_type":"image\/jpeg","source_url":"https:\/\/sindicatos.cgtp.pt\/uniao-evora\/wp-content\/blogs.dir\/44\/files\/sites\/44\/2014\/11\/Concentra\u00e7\u00e3o-Eurest-trabalhadoras-a.s-Montemor-120x120.jpg"},"medium":{"file":"Concentra\u00e7\u00e3o-Eurest-trabalhadoras-a.s-Montemor-240x180.jpg","width":240,"height":180,"mime_type":"image\/jpeg","source_url":"https:\/\/sindicatos.cgtp.pt\/uniao-evora\/wp-content\/blogs.dir\/44\/files\/sites\/44\/2014\/11\/Concentra\u00e7\u00e3o-Eurest-trabalhadoras-a.s-Montemor-240x180.jpg"},"album-thumb":{"file":"Concentra\u00e7\u00e3o-Eurest-trabalhadoras-a.s-Montemor-120x80.jpg","width":120,"height":80,"mime_type":"image\/jpeg","source_url":"https:\/\/sindicatos.cgtp.pt\/uniao-evora\/wp-content\/blogs.dir\/44\/files\/sites\/44\/2014\/11\/Concentra\u00e7\u00e3o-Eurest-trabalhadoras-a.s-Montemor-120x80.jpg"},"photo-thumb":{"file":"Concentra\u00e7\u00e3o-Eurest-trabalhadoras-a.s-Montemor-160x120.jpg","width":160,"height":120,"mime_type":"image\/jpeg","source_url":"https:\/\/sindicatos.cgtp.pt\/uniao-evora\/wp-content\/blogs.dir\/44\/files\/sites\/44\/2014\/11\/Concentra\u00e7\u00e3o-Eurest-trabalhadoras-a.s-Montemor-160x120.jpg"},"full":{"file":"Concentra\u00e7\u00e3o-Eurest-trabalhadoras-a.s-Montemor.jpg","width":448,"height":336,"mime_type":"image\/jpeg","source_url":"https:\/\/sindicatos.cgtp.pt\/uniao-evora\/wp-content\/blogs.dir\/44\/files\/sites\/44\/2014\/11\/Concentra\u00e7\u00e3o-Eurest-trabalhadoras-a.s-Montemor.jpg"}},"image_meta":{"aperture":0,"credit":"","camera":"","caption":"","created_timestamp":0,"copyright":"","focal_length":0,"iso":0,"shutter_speed":0,"title":""}},"post":1052,"source_url":"https:\/\/sindicatos.cgtp.pt\/uniao-evora\/wp-content\/blogs.dir\/44\/files\/sites\/44\/2014\/11\/Concentra\u00e7\u00e3o-Eurest-trabalhadoras-a.s-Montemor.jpg","_links":{"self":[{"href":"https:\/\/sindicatos.cgtp.pt\/uniao-evora\/wp-json\/wp\/v2\/media\/1053","targetHints":{"allow":["GET"]}}],"collection":[{"href":"https:\/\/sindicatos.cgtp.pt\/uniao-evora\/wp-json\/wp\/v2\/media"}],"about":[{"href":"https:\/\/sindicatos.cgtp.pt\/uniao-evora\/wp-json\/wp\/v2\/types\/attachment"}],"author":[{"embeddable":true,"href":"https:\/\/sindicatos.cgtp.pt\/uniao-evora\/wp-json\/wp\/v2\/users\/41"}],"replies":[{"embeddable":true,"href":"https:\/\/sindicatos.cgtp.pt\/uniao-evora\/wp-json\/wp\/v2\/comments?post=1053"}]}}

http://sindicatos.cgtp.pt/uniao-evora/wp-content/blogs.dir/44/files/sites/44/2014/11/Concentração-Eurest-trabalhadoras-a.s-Montemor.jpg

Concentração Eurest &#8211; trabalhadoras a.s Montemor

<p class="attachment"><a href='https://sindicatos.cgtp.pt/uniao-evora/wp-content/blogs.dir/44/files/sites/44/2014/11/Concentração-Eurest-trabalhadoras-a.s-Montemor.jpg'><img loading="lazy" decoding="async" width="240" height="180" src="https://sindicatos.cgtp.pt/uniao-evora/wp-content/blogs.dir/44/files/sites/44/2014/11/Concentração-Eurest-trabalhadoras-a.s-Montemor-240x180.jpg" class="attachment-medium size-medium" alt="" srcset="https://sindicatos.cgtp.pt/uniao-evora/wp-content/blogs.dir/44/files/sites/44/2014/11/Concentração-Eurest-trabalhadoras-a.s-Montemor-240x180.jpg 240w, https://sindicatos.cgtp.pt/uniao-evora/wp-content/blogs.dir/44/files/sites/44/2014/11/Concentração-Eurest-trabalhadoras-a.s-Montemor-160x120.jpg 160w, https://sindicatos.cgtp.pt/uniao-evora/wp-content/blogs.dir/44/files/sites/44/2014/11/Concentração-Eurest-trabalhadoras-a.s-Montemor.jpg 448w" sizes="auto, (max-width: 240px) 100vw, 240px" /></a></p>

2014/11/Concentração-Eurest-trabalhadoras-a.s-Montemor.jpg

Concentração-Eurest-trabalhadoras-a.s-Montemor-120x120.jpg

https://sindicatos.cgtp.pt/uniao-evora/wp-content/blogs.dir/44/files/sites/44/2014/11/Concentração-Eurest-trabalhadoras-a.s-Montemor-120x120.jpg

Concentração-Eurest-trabalhadoras-a.s-Montemor-240x180.jpg

https://sindicatos.cgtp.pt/uniao-evora/wp-content/blogs.dir/44/files/sites/44/2014/11/Concentração-Eurest-trabalhadoras-a.s-Montemor-240x180.jpg

Concentração-Eurest-trabalhadoras-a.s-Montemor-120x80.jpg

https://sindicatos.cgtp.pt/uniao-evora/wp-content/blogs.dir/44/files/sites/44/2014/11/Concentração-Eurest-trabalhadoras-a.s-Montemor-120x80.jpg

Concentração-Eurest-trabalhadoras-a.s-Montemor-160x120.jpg

https://sindicatos.cgtp.pt/uniao-evora/wp-content/blogs.dir/44/files/sites/44/2014/11/Concentração-Eurest-trabalhadoras-a.s-Montemor-160x120.jpg

Concentração-Eurest-trabalhadoras-a.s-Montemor.jpg

https://sindicatos.cgtp.pt/uniao-evora/wp-content/blogs.dir/44/files/sites/44/2014/11/Concentração-Eurest-trabalhadoras-a.s-Montemor.jpg
