{"id":1632,"date":"2016-02-18T15:20:46","date_gmt":"2016-02-18T15:20:46","guid":{"rendered":"http:\/\/sindicatos.cgtp.pt\/uniao-evora\/wp-content\/blogs.dir\/44\/files\/sites\/44\/2016\/02\/Cartaz-8-Mar\u00e7o-\u00c9vora.jpg"},"modified":"2016-02-18T15:20:46","modified_gmt":"2016-02-18T15:20:46","slug":"cartaz-8-marco-evora","status":"inherit","type":"attachment","link":"https:\/\/sindicatos.cgtp.pt\/uniao-evora\/2016\/02\/18\/8-marco-afirmar-a-igualdade-cumprir-a-constituicao\/cartaz-8-marco-evora\/","title":{"rendered":"Cartaz 8 Mar\u00e7o \u00c9vora"},"author":41,"featured_media":0,"comment_status":"closed","ping_status":"open","template":"","meta":[],"class_list":["post-1632","attachment","type-attachment","status-inherit","hentry"],"description":{"rendered":"<p class=\"attachment\"><a href='https:\/\/sindicatos.cgtp.pt\/uniao-evora\/wp-content\/blogs.dir\/44\/files\/sites\/44\/2016\/02\/Cartaz-8-Mar\u00e7o-\u00c9vora.jpg'><img loading=\"lazy\" decoding=\"async\" width=\"169\" height=\"240\" src=\"https:\/\/sindicatos.cgtp.pt\/uniao-evora\/wp-content\/blogs.dir\/44\/files\/sites\/44\/2016\/02\/Cartaz-8-Mar\u00e7o-\u00c9vora-169x240.jpg\" class=\"attachment-medium size-medium\" alt=\"\" srcset=\"https:\/\/sindicatos.cgtp.pt\/uniao-evora\/wp-content\/blogs.dir\/44\/files\/sites\/44\/2016\/02\/Cartaz-8-Mar\u00e7o-\u00c9vora-169x240.jpg 169w, https:\/\/sindicatos.cgtp.pt\/uniao-evora\/wp-content\/blogs.dir\/44\/files\/sites\/44\/2016\/02\/Cartaz-8-Mar\u00e7o-\u00c9vora-565x800.jpg 565w\" sizes=\"auto, (max-width: 169px) 100vw, 169px\" \/><\/a><\/p>\n"},"caption":{"rendered":""},"alt_text":"","media_type":"image","mime_type":"image\/jpeg","media_details":{"width":2481,"height":3508,"file":"2016\/02\/Cartaz-8-Mar\u00e7o-\u00c9vora.jpg","sizes":{"thumbnail":{"file":"Cartaz-8-Mar\u00e7o-\u00c9vora-120x120.jpg","width":120,"height":120,"mime_type":"image\/jpeg","source_url":"https:\/\/sindicatos.cgtp.pt\/uniao-evora\/wp-content\/blogs.dir\/44\/files\/sites\/44\/2016\/02\/Cartaz-8-Mar\u00e7o-\u00c9vora-120x120.jpg"},"medium":{"file":"Cartaz-8-Mar\u00e7o-\u00c9vora-169x240.jpg","width":169,"height":240,"mime_type":"image\/jpeg","source_url":"https:\/\/sindicatos.cgtp.pt\/uniao-evora\/wp-content\/blogs.dir\/44\/files\/sites\/44\/2016\/02\/Cartaz-8-Mar\u00e7o-\u00c9vora-169x240.jpg"},"large":{"file":"Cartaz-8-Mar\u00e7o-\u00c9vora-565x800.jpg","width":565,"height":800,"mime_type":"image\/jpeg","source_url":"https:\/\/sindicatos.cgtp.pt\/uniao-evora\/wp-content\/blogs.dir\/44\/files\/sites\/44\/2016\/02\/Cartaz-8-Mar\u00e7o-\u00c9vora-565x800.jpg"},"album-thumb":{"file":"Cartaz-8-Mar\u00e7o-\u00c9vora-120x80.jpg","width":120,"height":80,"mime_type":"image\/jpeg","source_url":"https:\/\/sindicatos.cgtp.pt\/uniao-evora\/wp-content\/blogs.dir\/44\/files\/sites\/44\/2016\/02\/Cartaz-8-Mar\u00e7o-\u00c9vora-120x80.jpg"},"photo-thumb":{"file":"Cartaz-8-Mar\u00e7o-\u00c9vora-160x120.jpg","width":160,"height":120,"mime_type":"image\/jpeg","source_url":"https:\/\/sindicatos.cgtp.pt\/uniao-evora\/wp-content\/blogs.dir\/44\/files\/sites\/44\/2016\/02\/Cartaz-8-Mar\u00e7o-\u00c9vora-160x120.jpg"},"full":{"file":"Cartaz-8-Mar\u00e7o-\u00c9vora.jpg","width":2481,"height":3508,"mime_type":"image\/jpeg","source_url":"https:\/\/sindicatos.cgtp.pt\/uniao-evora\/wp-content\/blogs.dir\/44\/files\/sites\/44\/2016\/02\/Cartaz-8-Mar\u00e7o-\u00c9vora.jpg"}},"image_meta":{"aperture":0,"credit":"","camera":"","caption":"","created_timestamp":0,"copyright":"","focal_length":0,"iso":0,"shutter_speed":0,"title":""}},"post":1631,"source_url":"https:\/\/sindicatos.cgtp.pt\/uniao-evora\/wp-content\/blogs.dir\/44\/files\/sites\/44\/2016\/02\/Cartaz-8-Mar\u00e7o-\u00c9vora.jpg","_links":{"self":[{"href":"https:\/\/sindicatos.cgtp.pt\/uniao-evora\/wp-json\/wp\/v2\/media\/1632","targetHints":{"allow":["GET"]}}],"collection":[{"href":"https:\/\/sindicatos.cgtp.pt\/uniao-evora\/wp-json\/wp\/v2\/media"}],"about":[{"href":"https:\/\/sindicatos.cgtp.pt\/uniao-evora\/wp-json\/wp\/v2\/types\/attachment"}],"author":[{"embeddable":true,"href":"https:\/\/sindicatos.cgtp.pt\/uniao-evora\/wp-json\/wp\/v2\/users\/41"}],"replies":[{"embeddable":true,"href":"https:\/\/sindicatos.cgtp.pt\/uniao-evora\/wp-json\/wp\/v2\/comments?post=1632"}]}}

http://sindicatos.cgtp.pt/uniao-evora/wp-content/blogs.dir/44/files/sites/44/2016/02/Cartaz-8-Março-Évora.jpg

Cartaz 8 Março Évora

<p class="attachment"><a href='https://sindicatos.cgtp.pt/uniao-evora/wp-content/blogs.dir/44/files/sites/44/2016/02/Cartaz-8-Março-Évora.jpg'><img loading="lazy" decoding="async" width="169" height="240" src="https://sindicatos.cgtp.pt/uniao-evora/wp-content/blogs.dir/44/files/sites/44/2016/02/Cartaz-8-Março-Évora-169x240.jpg" class="attachment-medium size-medium" alt="" srcset="https://sindicatos.cgtp.pt/uniao-evora/wp-content/blogs.dir/44/files/sites/44/2016/02/Cartaz-8-Março-Évora-169x240.jpg 169w, https://sindicatos.cgtp.pt/uniao-evora/wp-content/blogs.dir/44/files/sites/44/2016/02/Cartaz-8-Março-Évora-565x800.jpg 565w" sizes="auto, (max-width: 169px) 100vw, 169px" /></a></p>

2016/02/Cartaz-8-Março-Évora.jpg

Cartaz-8-Março-Évora-120x120.jpg

https://sindicatos.cgtp.pt/uniao-evora/wp-content/blogs.dir/44/files/sites/44/2016/02/Cartaz-8-Março-Évora-120x120.jpg

Cartaz-8-Março-Évora-169x240.jpg

https://sindicatos.cgtp.pt/uniao-evora/wp-content/blogs.dir/44/files/sites/44/2016/02/Cartaz-8-Março-Évora-169x240.jpg

Cartaz-8-Março-Évora-565x800.jpg

https://sindicatos.cgtp.pt/uniao-evora/wp-content/blogs.dir/44/files/sites/44/2016/02/Cartaz-8-Março-Évora-565x800.jpg

Cartaz-8-Março-Évora-120x80.jpg

https://sindicatos.cgtp.pt/uniao-evora/wp-content/blogs.dir/44/files/sites/44/2016/02/Cartaz-8-Março-Évora-120x80.jpg

Cartaz-8-Março-Évora-160x120.jpg

https://sindicatos.cgtp.pt/uniao-evora/wp-content/blogs.dir/44/files/sites/44/2016/02/Cartaz-8-Março-Évora-160x120.jpg

Cartaz-8-Março-Évora.jpg

https://sindicatos.cgtp.pt/uniao-evora/wp-content/blogs.dir/44/files/sites/44/2016/02/Cartaz-8-Março-Évora.jpg
