{"id":1652,"date":"2016-03-02T16:00:58","date_gmt":"2016-03-02T16:00:58","guid":{"rendered":"http:\/\/sindicatos.cgtp.pt\/uniao-evora\/wp-content\/blogs.dir\/44\/files\/sites\/44\/2016\/03\/Cartaz-8-Mar\u00e7o-2016-\u00c9vora-1.jpg"},"modified":"2016-03-02T16:00:58","modified_gmt":"2016-03-02T16:00:58","slug":"cartaz-8-marco-2016-evora-1","status":"inherit","type":"attachment","link":"https:\/\/sindicatos.cgtp.pt\/uniao-evora\/cartaz-8-marco-2016-evora-1\/","title":{"rendered":"Cartaz 8 Mar\u00e7o 2016 \u00c9vora 1"},"author":41,"featured_media":0,"comment_status":"closed","ping_status":"open","template":"","meta":[],"class_list":["post-1652","attachment","type-attachment","status-inherit","hentry"],"description":{"rendered":"<p class=\"attachment\"><a href='https:\/\/sindicatos.cgtp.pt\/uniao-evora\/wp-content\/blogs.dir\/44\/files\/sites\/44\/2016\/03\/Cartaz-8-Mar\u00e7o-2016-\u00c9vora-1.jpg'><img loading=\"lazy\" decoding=\"async\" width=\"169\" height=\"240\" src=\"https:\/\/sindicatos.cgtp.pt\/uniao-evora\/wp-content\/blogs.dir\/44\/files\/sites\/44\/2016\/03\/Cartaz-8-Mar\u00e7o-2016-\u00c9vora-1-169x240.jpg\" class=\"attachment-medium size-medium\" alt=\"\" srcset=\"https:\/\/sindicatos.cgtp.pt\/uniao-evora\/wp-content\/blogs.dir\/44\/files\/sites\/44\/2016\/03\/Cartaz-8-Mar\u00e7o-2016-\u00c9vora-1-169x240.jpg 169w, https:\/\/sindicatos.cgtp.pt\/uniao-evora\/wp-content\/blogs.dir\/44\/files\/sites\/44\/2016\/03\/Cartaz-8-Mar\u00e7o-2016-\u00c9vora-1.jpg 269w\" sizes=\"auto, (max-width: 169px) 100vw, 169px\" \/><\/a><\/p>\n"},"caption":{"rendered":""},"alt_text":"","media_type":"image","mime_type":"image\/jpeg","media_details":{"width":269,"height":380,"file":"2016\/03\/Cartaz-8-Mar\u00e7o-2016-\u00c9vora-1.jpg","sizes":{"thumbnail":{"file":"Cartaz-8-Mar\u00e7o-2016-\u00c9vora-1-120x120.jpg","width":120,"height":120,"mime_type":"image\/jpeg","source_url":"https:\/\/sindicatos.cgtp.pt\/uniao-evora\/wp-content\/blogs.dir\/44\/files\/sites\/44\/2016\/03\/Cartaz-8-Mar\u00e7o-2016-\u00c9vora-1-120x120.jpg"},"medium":{"file":"Cartaz-8-Mar\u00e7o-2016-\u00c9vora-1-169x240.jpg","width":169,"height":240,"mime_type":"image\/jpeg","source_url":"https:\/\/sindicatos.cgtp.pt\/uniao-evora\/wp-content\/blogs.dir\/44\/files\/sites\/44\/2016\/03\/Cartaz-8-Mar\u00e7o-2016-\u00c9vora-1-169x240.jpg"},"album-thumb":{"file":"Cartaz-8-Mar\u00e7o-2016-\u00c9vora-1-120x80.jpg","width":120,"height":80,"mime_type":"image\/jpeg","source_url":"https:\/\/sindicatos.cgtp.pt\/uniao-evora\/wp-content\/blogs.dir\/44\/files\/sites\/44\/2016\/03\/Cartaz-8-Mar\u00e7o-2016-\u00c9vora-1-120x80.jpg"},"photo-thumb":{"file":"Cartaz-8-Mar\u00e7o-2016-\u00c9vora-1-160x120.jpg","width":160,"height":120,"mime_type":"image\/jpeg","source_url":"https:\/\/sindicatos.cgtp.pt\/uniao-evora\/wp-content\/blogs.dir\/44\/files\/sites\/44\/2016\/03\/Cartaz-8-Mar\u00e7o-2016-\u00c9vora-1-160x120.jpg"},"full":{"file":"Cartaz-8-Mar\u00e7o-2016-\u00c9vora-1.jpg","width":269,"height":380,"mime_type":"image\/jpeg","source_url":"https:\/\/sindicatos.cgtp.pt\/uniao-evora\/wp-content\/blogs.dir\/44\/files\/sites\/44\/2016\/03\/Cartaz-8-Mar\u00e7o-2016-\u00c9vora-1.jpg"}},"image_meta":{"aperture":0,"credit":"","camera":"","caption":"","created_timestamp":0,"copyright":"","focal_length":0,"iso":0,"shutter_speed":0,"title":""}},"post":null,"source_url":"https:\/\/sindicatos.cgtp.pt\/uniao-evora\/wp-content\/blogs.dir\/44\/files\/sites\/44\/2016\/03\/Cartaz-8-Mar\u00e7o-2016-\u00c9vora-1.jpg","_links":{"self":[{"href":"https:\/\/sindicatos.cgtp.pt\/uniao-evora\/wp-json\/wp\/v2\/media\/1652","targetHints":{"allow":["GET"]}}],"collection":[{"href":"https:\/\/sindicatos.cgtp.pt\/uniao-evora\/wp-json\/wp\/v2\/media"}],"about":[{"href":"https:\/\/sindicatos.cgtp.pt\/uniao-evora\/wp-json\/wp\/v2\/types\/attachment"}],"author":[{"embeddable":true,"href":"https:\/\/sindicatos.cgtp.pt\/uniao-evora\/wp-json\/wp\/v2\/users\/41"}],"replies":[{"embeddable":true,"href":"https:\/\/sindicatos.cgtp.pt\/uniao-evora\/wp-json\/wp\/v2\/comments?post=1652"}]}}

http://sindicatos.cgtp.pt/uniao-evora/wp-content/blogs.dir/44/files/sites/44/2016/03/Cartaz-8-Março-2016-Évora-1.jpg

Cartaz 8 Março 2016 Évora 1

<p class="attachment"><a href='https://sindicatos.cgtp.pt/uniao-evora/wp-content/blogs.dir/44/files/sites/44/2016/03/Cartaz-8-Março-2016-Évora-1.jpg'><img loading="lazy" decoding="async" width="169" height="240" src="https://sindicatos.cgtp.pt/uniao-evora/wp-content/blogs.dir/44/files/sites/44/2016/03/Cartaz-8-Março-2016-Évora-1-169x240.jpg" class="attachment-medium size-medium" alt="" srcset="https://sindicatos.cgtp.pt/uniao-evora/wp-content/blogs.dir/44/files/sites/44/2016/03/Cartaz-8-Março-2016-Évora-1-169x240.jpg 169w, https://sindicatos.cgtp.pt/uniao-evora/wp-content/blogs.dir/44/files/sites/44/2016/03/Cartaz-8-Março-2016-Évora-1.jpg 269w" sizes="auto, (max-width: 169px) 100vw, 169px" /></a></p>

2016/03/Cartaz-8-Março-2016-Évora-1.jpg

Cartaz-8-Março-2016-Évora-1-120x120.jpg

https://sindicatos.cgtp.pt/uniao-evora/wp-content/blogs.dir/44/files/sites/44/2016/03/Cartaz-8-Março-2016-Évora-1-120x120.jpg

Cartaz-8-Março-2016-Évora-1-169x240.jpg

https://sindicatos.cgtp.pt/uniao-evora/wp-content/blogs.dir/44/files/sites/44/2016/03/Cartaz-8-Março-2016-Évora-1-169x240.jpg

Cartaz-8-Março-2016-Évora-1-120x80.jpg

https://sindicatos.cgtp.pt/uniao-evora/wp-content/blogs.dir/44/files/sites/44/2016/03/Cartaz-8-Março-2016-Évora-1-120x80.jpg

Cartaz-8-Março-2016-Évora-1-160x120.jpg

https://sindicatos.cgtp.pt/uniao-evora/wp-content/blogs.dir/44/files/sites/44/2016/03/Cartaz-8-Março-2016-Évora-1-160x120.jpg

Cartaz-8-Março-2016-Évora-1.jpg

https://sindicatos.cgtp.pt/uniao-evora/wp-content/blogs.dir/44/files/sites/44/2016/03/Cartaz-8-Março-2016-Évora-1.jpg
