{"id":1836,"date":"2016-05-05T15:25:13","date_gmt":"2016-05-05T15:25:13","guid":{"rendered":"http:\/\/sindicatos.cgtp.pt\/uniao-evora\/wp-content\/blogs.dir\/44\/files\/sites\/44\/2016\/05\/ac\u00e7\u00e3o-luta-16-a-20-Maio-2016-web.jpg"},"modified":"2016-05-05T15:25:13","modified_gmt":"2016-05-05T15:25:13","slug":"accao-luta-16-a-20-maio-2016-web","status":"inherit","type":"attachment","link":"https:\/\/sindicatos.cgtp.pt\/uniao-evora\/2016\/05\/13\/acao-e-luta-no-distrito-de-evora\/accao-luta-16-a-20-maio-2016-web\/","title":{"rendered":"ac\u00e7\u00e3o luta 16 a 20 Maio 2016 &#8211; web"},"author":41,"featured_media":0,"comment_status":"closed","ping_status":"open","template":"","meta":[],"class_list":["post-1836","attachment","type-attachment","status-inherit","hentry"],"description":{"rendered":"<p class=\"attachment\"><a href='https:\/\/sindicatos.cgtp.pt\/uniao-evora\/wp-content\/blogs.dir\/44\/files\/sites\/44\/2016\/05\/ac\u00e7\u00e3o-luta-16-a-20-Maio-2016-web.jpg'><img loading=\"lazy\" decoding=\"async\" width=\"165\" height=\"240\" src=\"https:\/\/sindicatos.cgtp.pt\/uniao-evora\/wp-content\/blogs.dir\/44\/files\/sites\/44\/2016\/05\/ac\u00e7\u00e3o-luta-16-a-20-Maio-2016-web-165x240.jpg\" class=\"attachment-medium size-medium\" alt=\"\" srcset=\"https:\/\/sindicatos.cgtp.pt\/uniao-evora\/wp-content\/blogs.dir\/44\/files\/sites\/44\/2016\/05\/ac\u00e7\u00e3o-luta-16-a-20-Maio-2016-web-165x240.jpg 165w, https:\/\/sindicatos.cgtp.pt\/uniao-evora\/wp-content\/blogs.dir\/44\/files\/sites\/44\/2016\/05\/ac\u00e7\u00e3o-luta-16-a-20-Maio-2016-web.jpg 269w\" sizes=\"auto, (max-width: 165px) 100vw, 165px\" \/><\/a><\/p>\n"},"caption":{"rendered":""},"alt_text":"","media_type":"image","mime_type":"image\/jpeg","media_details":{"width":269,"height":391,"file":"2016\/05\/ac\u00e7\u00e3o-luta-16-a-20-Maio-2016-web.jpg","sizes":{"thumbnail":{"file":"ac\u00e7\u00e3o-luta-16-a-20-Maio-2016-web-120x120.jpg","width":120,"height":120,"mime_type":"image\/jpeg","source_url":"https:\/\/sindicatos.cgtp.pt\/uniao-evora\/wp-content\/blogs.dir\/44\/files\/sites\/44\/2016\/05\/ac\u00e7\u00e3o-luta-16-a-20-Maio-2016-web-120x120.jpg"},"medium":{"file":"ac\u00e7\u00e3o-luta-16-a-20-Maio-2016-web-165x240.jpg","width":165,"height":240,"mime_type":"image\/jpeg","source_url":"https:\/\/sindicatos.cgtp.pt\/uniao-evora\/wp-content\/blogs.dir\/44\/files\/sites\/44\/2016\/05\/ac\u00e7\u00e3o-luta-16-a-20-Maio-2016-web-165x240.jpg"},"album-thumb":{"file":"ac\u00e7\u00e3o-luta-16-a-20-Maio-2016-web-120x80.jpg","width":120,"height":80,"mime_type":"image\/jpeg","source_url":"https:\/\/sindicatos.cgtp.pt\/uniao-evora\/wp-content\/blogs.dir\/44\/files\/sites\/44\/2016\/05\/ac\u00e7\u00e3o-luta-16-a-20-Maio-2016-web-120x80.jpg"},"photo-thumb":{"file":"ac\u00e7\u00e3o-luta-16-a-20-Maio-2016-web-160x120.jpg","width":160,"height":120,"mime_type":"image\/jpeg","source_url":"https:\/\/sindicatos.cgtp.pt\/uniao-evora\/wp-content\/blogs.dir\/44\/files\/sites\/44\/2016\/05\/ac\u00e7\u00e3o-luta-16-a-20-Maio-2016-web-160x120.jpg"},"full":{"file":"ac\u00e7\u00e3o-luta-16-a-20-Maio-2016-web.jpg","width":269,"height":391,"mime_type":"image\/jpeg","source_url":"https:\/\/sindicatos.cgtp.pt\/uniao-evora\/wp-content\/blogs.dir\/44\/files\/sites\/44\/2016\/05\/ac\u00e7\u00e3o-luta-16-a-20-Maio-2016-web.jpg"}},"image_meta":{"aperture":0,"credit":"","camera":"","caption":"","created_timestamp":0,"copyright":"","focal_length":0,"iso":0,"shutter_speed":0,"title":""}},"post":1839,"source_url":"https:\/\/sindicatos.cgtp.pt\/uniao-evora\/wp-content\/blogs.dir\/44\/files\/sites\/44\/2016\/05\/ac\u00e7\u00e3o-luta-16-a-20-Maio-2016-web.jpg","_links":{"self":[{"href":"https:\/\/sindicatos.cgtp.pt\/uniao-evora\/wp-json\/wp\/v2\/media\/1836","targetHints":{"allow":["GET"]}}],"collection":[{"href":"https:\/\/sindicatos.cgtp.pt\/uniao-evora\/wp-json\/wp\/v2\/media"}],"about":[{"href":"https:\/\/sindicatos.cgtp.pt\/uniao-evora\/wp-json\/wp\/v2\/types\/attachment"}],"author":[{"embeddable":true,"href":"https:\/\/sindicatos.cgtp.pt\/uniao-evora\/wp-json\/wp\/v2\/users\/41"}],"replies":[{"embeddable":true,"href":"https:\/\/sindicatos.cgtp.pt\/uniao-evora\/wp-json\/wp\/v2\/comments?post=1836"}]}}

http://sindicatos.cgtp.pt/uniao-evora/wp-content/blogs.dir/44/files/sites/44/2016/05/acção-luta-16-a-20-Maio-2016-web.jpg

acção luta 16 a 20 Maio 2016 &#8211; web

<p class="attachment"><a href='https://sindicatos.cgtp.pt/uniao-evora/wp-content/blogs.dir/44/files/sites/44/2016/05/acção-luta-16-a-20-Maio-2016-web.jpg'><img loading="lazy" decoding="async" width="165" height="240" src="https://sindicatos.cgtp.pt/uniao-evora/wp-content/blogs.dir/44/files/sites/44/2016/05/acção-luta-16-a-20-Maio-2016-web-165x240.jpg" class="attachment-medium size-medium" alt="" srcset="https://sindicatos.cgtp.pt/uniao-evora/wp-content/blogs.dir/44/files/sites/44/2016/05/acção-luta-16-a-20-Maio-2016-web-165x240.jpg 165w, https://sindicatos.cgtp.pt/uniao-evora/wp-content/blogs.dir/44/files/sites/44/2016/05/acção-luta-16-a-20-Maio-2016-web.jpg 269w" sizes="auto, (max-width: 165px) 100vw, 165px" /></a></p>

2016/05/acção-luta-16-a-20-Maio-2016-web.jpg

acção-luta-16-a-20-Maio-2016-web-120x120.jpg

https://sindicatos.cgtp.pt/uniao-evora/wp-content/blogs.dir/44/files/sites/44/2016/05/acção-luta-16-a-20-Maio-2016-web-120x120.jpg

acção-luta-16-a-20-Maio-2016-web-165x240.jpg

https://sindicatos.cgtp.pt/uniao-evora/wp-content/blogs.dir/44/files/sites/44/2016/05/acção-luta-16-a-20-Maio-2016-web-165x240.jpg

acção-luta-16-a-20-Maio-2016-web-120x80.jpg

https://sindicatos.cgtp.pt/uniao-evora/wp-content/blogs.dir/44/files/sites/44/2016/05/acção-luta-16-a-20-Maio-2016-web-120x80.jpg

acção-luta-16-a-20-Maio-2016-web-160x120.jpg

https://sindicatos.cgtp.pt/uniao-evora/wp-content/blogs.dir/44/files/sites/44/2016/05/acção-luta-16-a-20-Maio-2016-web-160x120.jpg

acção-luta-16-a-20-Maio-2016-web.jpg

https://sindicatos.cgtp.pt/uniao-evora/wp-content/blogs.dir/44/files/sites/44/2016/05/acção-luta-16-a-20-Maio-2016-web.jpg
