{"id":2264,"date":"2017-03-27T20:55:11","date_gmt":"2017-03-27T20:55:11","guid":{"rendered":"http:\/\/sindicatos.cgtp.pt\/uniao-evora\/wp-content\/blogs.dir\/44\/files\/sites\/44\/2017\/03\/Centen\u00e1rio-Revolu\u00e7\u00e3o-Outubro-cartaz-\u00c9vora.jpg"},"modified":"2017-03-27T20:55:11","modified_gmt":"2017-03-27T20:55:11","slug":"centenario-revolucao-outubro-cartaz-evora","status":"inherit","type":"attachment","link":"https:\/\/sindicatos.cgtp.pt\/uniao-evora\/2017\/03\/27\/usde-vai-assinalar-o-centenario-da-revolucao-de-outubro-1917\/centenario-revolucao-outubro-cartaz-evora\/","title":{"rendered":"Centen\u00e1rio Revolu\u00e7\u00e3o Outubro &#8211; cartaz \u00c9vora"},"author":41,"featured_media":0,"comment_status":"closed","ping_status":"open","template":"","meta":[],"class_list":["post-2264","attachment","type-attachment","status-inherit","hentry"],"description":{"rendered":"<p class=\"attachment\"><a href='https:\/\/sindicatos.cgtp.pt\/uniao-evora\/wp-content\/blogs.dir\/44\/files\/sites\/44\/2017\/03\/Centen\u00e1rio-Revolu\u00e7\u00e3o-Outubro-cartaz-\u00c9vora.jpg'><img loading=\"lazy\" decoding=\"async\" width=\"169\" height=\"240\" src=\"https:\/\/sindicatos.cgtp.pt\/uniao-evora\/wp-content\/blogs.dir\/44\/files\/sites\/44\/2017\/03\/Centen\u00e1rio-Revolu\u00e7\u00e3o-Outubro-cartaz-\u00c9vora-169x240.jpg\" class=\"attachment-medium size-medium\" alt=\"\" srcset=\"https:\/\/sindicatos.cgtp.pt\/uniao-evora\/wp-content\/blogs.dir\/44\/files\/sites\/44\/2017\/03\/Centen\u00e1rio-Revolu\u00e7\u00e3o-Outubro-cartaz-\u00c9vora-169x240.jpg 169w, https:\/\/sindicatos.cgtp.pt\/uniao-evora\/wp-content\/blogs.dir\/44\/files\/sites\/44\/2017\/03\/Centen\u00e1rio-Revolu\u00e7\u00e3o-Outubro-cartaz-\u00c9vora-565x800.jpg 565w, https:\/\/sindicatos.cgtp.pt\/uniao-evora\/wp-content\/blogs.dir\/44\/files\/sites\/44\/2017\/03\/Centen\u00e1rio-Revolu\u00e7\u00e3o-Outubro-cartaz-\u00c9vora.jpg 724w\" sizes=\"auto, (max-width: 169px) 100vw, 169px\" \/><\/a><\/p>\n"},"caption":{"rendered":""},"alt_text":"","media_type":"image","mime_type":"image\/jpeg","media_details":{"width":724,"height":1024,"file":"2017\/03\/Centen\u00e1rio-Revolu\u00e7\u00e3o-Outubro-cartaz-\u00c9vora.jpg","sizes":{"thumbnail":{"file":"Centen\u00e1rio-Revolu\u00e7\u00e3o-Outubro-cartaz-\u00c9vora-120x120.jpg","width":120,"height":120,"mime_type":"image\/jpeg","source_url":"https:\/\/sindicatos.cgtp.pt\/uniao-evora\/wp-content\/blogs.dir\/44\/files\/sites\/44\/2017\/03\/Centen\u00e1rio-Revolu\u00e7\u00e3o-Outubro-cartaz-\u00c9vora-120x120.jpg"},"medium":{"file":"Centen\u00e1rio-Revolu\u00e7\u00e3o-Outubro-cartaz-\u00c9vora-169x240.jpg","width":169,"height":240,"mime_type":"image\/jpeg","source_url":"https:\/\/sindicatos.cgtp.pt\/uniao-evora\/wp-content\/blogs.dir\/44\/files\/sites\/44\/2017\/03\/Centen\u00e1rio-Revolu\u00e7\u00e3o-Outubro-cartaz-\u00c9vora-169x240.jpg"},"large":{"file":"Centen\u00e1rio-Revolu\u00e7\u00e3o-Outubro-cartaz-\u00c9vora-565x800.jpg","width":565,"height":800,"mime_type":"image\/jpeg","source_url":"https:\/\/sindicatos.cgtp.pt\/uniao-evora\/wp-content\/blogs.dir\/44\/files\/sites\/44\/2017\/03\/Centen\u00e1rio-Revolu\u00e7\u00e3o-Outubro-cartaz-\u00c9vora-565x800.jpg"},"album-thumb":{"file":"Centen\u00e1rio-Revolu\u00e7\u00e3o-Outubro-cartaz-\u00c9vora-120x80.jpg","width":120,"height":80,"mime_type":"image\/jpeg","source_url":"https:\/\/sindicatos.cgtp.pt\/uniao-evora\/wp-content\/blogs.dir\/44\/files\/sites\/44\/2017\/03\/Centen\u00e1rio-Revolu\u00e7\u00e3o-Outubro-cartaz-\u00c9vora-120x80.jpg"},"photo-thumb":{"file":"Centen\u00e1rio-Revolu\u00e7\u00e3o-Outubro-cartaz-\u00c9vora-160x120.jpg","width":160,"height":120,"mime_type":"image\/jpeg","source_url":"https:\/\/sindicatos.cgtp.pt\/uniao-evora\/wp-content\/blogs.dir\/44\/files\/sites\/44\/2017\/03\/Centen\u00e1rio-Revolu\u00e7\u00e3o-Outubro-cartaz-\u00c9vora-160x120.jpg"},"full":{"file":"Centen\u00e1rio-Revolu\u00e7\u00e3o-Outubro-cartaz-\u00c9vora.jpg","width":724,"height":1024,"mime_type":"image\/jpeg","source_url":"https:\/\/sindicatos.cgtp.pt\/uniao-evora\/wp-content\/blogs.dir\/44\/files\/sites\/44\/2017\/03\/Centen\u00e1rio-Revolu\u00e7\u00e3o-Outubro-cartaz-\u00c9vora.jpg"}},"image_meta":{"aperture":0,"credit":"","camera":"","caption":"","created_timestamp":0,"copyright":"","focal_length":0,"iso":0,"shutter_speed":0,"title":""}},"post":2263,"source_url":"https:\/\/sindicatos.cgtp.pt\/uniao-evora\/wp-content\/blogs.dir\/44\/files\/sites\/44\/2017\/03\/Centen\u00e1rio-Revolu\u00e7\u00e3o-Outubro-cartaz-\u00c9vora.jpg","_links":{"self":[{"href":"https:\/\/sindicatos.cgtp.pt\/uniao-evora\/wp-json\/wp\/v2\/media\/2264","targetHints":{"allow":["GET"]}}],"collection":[{"href":"https:\/\/sindicatos.cgtp.pt\/uniao-evora\/wp-json\/wp\/v2\/media"}],"about":[{"href":"https:\/\/sindicatos.cgtp.pt\/uniao-evora\/wp-json\/wp\/v2\/types\/attachment"}],"author":[{"embeddable":true,"href":"https:\/\/sindicatos.cgtp.pt\/uniao-evora\/wp-json\/wp\/v2\/users\/41"}],"replies":[{"embeddable":true,"href":"https:\/\/sindicatos.cgtp.pt\/uniao-evora\/wp-json\/wp\/v2\/comments?post=2264"}]}}

http://sindicatos.cgtp.pt/uniao-evora/wp-content/blogs.dir/44/files/sites/44/2017/03/Centenário-Revolução-Outubro-cartaz-Évora.jpg

Centenário Revolução Outubro &#8211; cartaz Évora

<p class="attachment"><a href='https://sindicatos.cgtp.pt/uniao-evora/wp-content/blogs.dir/44/files/sites/44/2017/03/Centenário-Revolução-Outubro-cartaz-Évora.jpg'><img loading="lazy" decoding="async" width="169" height="240" src="https://sindicatos.cgtp.pt/uniao-evora/wp-content/blogs.dir/44/files/sites/44/2017/03/Centenário-Revolução-Outubro-cartaz-Évora-169x240.jpg" class="attachment-medium size-medium" alt="" srcset="https://sindicatos.cgtp.pt/uniao-evora/wp-content/blogs.dir/44/files/sites/44/2017/03/Centenário-Revolução-Outubro-cartaz-Évora-169x240.jpg 169w, https://sindicatos.cgtp.pt/uniao-evora/wp-content/blogs.dir/44/files/sites/44/2017/03/Centenário-Revolução-Outubro-cartaz-Évora-565x800.jpg 565w, https://sindicatos.cgtp.pt/uniao-evora/wp-content/blogs.dir/44/files/sites/44/2017/03/Centenário-Revolução-Outubro-cartaz-Évora.jpg 724w" sizes="auto, (max-width: 169px) 100vw, 169px" /></a></p>

2017/03/Centenário-Revolução-Outubro-cartaz-Évora.jpg

Centenário-Revolução-Outubro-cartaz-Évora-120x120.jpg

https://sindicatos.cgtp.pt/uniao-evora/wp-content/blogs.dir/44/files/sites/44/2017/03/Centenário-Revolução-Outubro-cartaz-Évora-120x120.jpg

Centenário-Revolução-Outubro-cartaz-Évora-169x240.jpg

https://sindicatos.cgtp.pt/uniao-evora/wp-content/blogs.dir/44/files/sites/44/2017/03/Centenário-Revolução-Outubro-cartaz-Évora-169x240.jpg

Centenário-Revolução-Outubro-cartaz-Évora-565x800.jpg

https://sindicatos.cgtp.pt/uniao-evora/wp-content/blogs.dir/44/files/sites/44/2017/03/Centenário-Revolução-Outubro-cartaz-Évora-565x800.jpg

Centenário-Revolução-Outubro-cartaz-Évora-120x80.jpg

https://sindicatos.cgtp.pt/uniao-evora/wp-content/blogs.dir/44/files/sites/44/2017/03/Centenário-Revolução-Outubro-cartaz-Évora-120x80.jpg

Centenário-Revolução-Outubro-cartaz-Évora-160x120.jpg

https://sindicatos.cgtp.pt/uniao-evora/wp-content/blogs.dir/44/files/sites/44/2017/03/Centenário-Revolução-Outubro-cartaz-Évora-160x120.jpg

Centenário-Revolução-Outubro-cartaz-Évora.jpg

https://sindicatos.cgtp.pt/uniao-evora/wp-content/blogs.dir/44/files/sites/44/2017/03/Centenário-Revolução-Outubro-cartaz-Évora.jpg
