{"id":2358,"date":"2017-05-15T13:33:37","date_gmt":"2017-05-15T13:33:37","guid":{"rendered":"http:\/\/sindicatos.cgtp.pt\/uniao-evora\/wp-content\/blogs.dir\/44\/files\/sites\/44\/2017\/05\/prepara\u00e7\u00e3o-9-conferencia.jpg"},"modified":"2017-05-15T13:33:37","modified_gmt":"2017-05-15T13:33:37","slug":"preparacao-9-conferencia","status":"inherit","type":"attachment","link":"https:\/\/sindicatos.cgtp.pt\/uniao-evora\/2017\/05\/15\/9o-conferencia-da-usde-em-discussao-no-msu-do-distrito\/preparacao-9-conferencia\/","title":{"rendered":"9 conferencia"},"author":41,"featured_media":0,"comment_status":"closed","ping_status":"open","template":"","meta":[],"class_list":["post-2358","attachment","type-attachment","status-inherit","hentry"],"description":{"rendered":"<p class=\"attachment\"><a href='https:\/\/sindicatos.cgtp.pt\/uniao-evora\/wp-content\/blogs.dir\/44\/files\/sites\/44\/2017\/05\/prepara\u00e7\u00e3o-9-conferencia.jpg'><img loading=\"lazy\" decoding=\"async\" width=\"240\" height=\"135\" src=\"https:\/\/sindicatos.cgtp.pt\/uniao-evora\/wp-content\/blogs.dir\/44\/files\/sites\/44\/2017\/05\/prepara\u00e7\u00e3o-9-conferencia-240x135.jpg\" class=\"attachment-medium size-medium\" alt=\"\" srcset=\"https:\/\/sindicatos.cgtp.pt\/uniao-evora\/wp-content\/blogs.dir\/44\/files\/sites\/44\/2017\/05\/prepara\u00e7\u00e3o-9-conferencia-240x135.jpg 240w, https:\/\/sindicatos.cgtp.pt\/uniao-evora\/wp-content\/blogs.dir\/44\/files\/sites\/44\/2017\/05\/prepara\u00e7\u00e3o-9-conferencia-800x450.jpg 800w, https:\/\/sindicatos.cgtp.pt\/uniao-evora\/wp-content\/blogs.dir\/44\/files\/sites\/44\/2017\/05\/prepara\u00e7\u00e3o-9-conferencia.jpg 1024w\" sizes=\"auto, (max-width: 240px) 100vw, 240px\" \/><\/a><\/p>\n"},"caption":{"rendered":""},"alt_text":"","media_type":"image","mime_type":"image\/jpeg","media_details":{"width":1024,"height":576,"file":"2017\/05\/prepara\u00e7\u00e3o-9-conferencia.jpg","sizes":{"thumbnail":{"file":"prepara\u00e7\u00e3o-9-conferencia-120x120.jpg","width":120,"height":120,"mime_type":"image\/jpeg","source_url":"https:\/\/sindicatos.cgtp.pt\/uniao-evora\/wp-content\/blogs.dir\/44\/files\/sites\/44\/2017\/05\/prepara\u00e7\u00e3o-9-conferencia-120x120.jpg"},"medium":{"file":"prepara\u00e7\u00e3o-9-conferencia-240x135.jpg","width":240,"height":135,"mime_type":"image\/jpeg","source_url":"https:\/\/sindicatos.cgtp.pt\/uniao-evora\/wp-content\/blogs.dir\/44\/files\/sites\/44\/2017\/05\/prepara\u00e7\u00e3o-9-conferencia-240x135.jpg"},"large":{"file":"prepara\u00e7\u00e3o-9-conferencia-800x450.jpg","width":800,"height":450,"mime_type":"image\/jpeg","source_url":"https:\/\/sindicatos.cgtp.pt\/uniao-evora\/wp-content\/blogs.dir\/44\/files\/sites\/44\/2017\/05\/prepara\u00e7\u00e3o-9-conferencia-800x450.jpg"},"album-thumb":{"file":"prepara\u00e7\u00e3o-9-conferencia-120x80.jpg","width":120,"height":80,"mime_type":"image\/jpeg","source_url":"https:\/\/sindicatos.cgtp.pt\/uniao-evora\/wp-content\/blogs.dir\/44\/files\/sites\/44\/2017\/05\/prepara\u00e7\u00e3o-9-conferencia-120x80.jpg"},"photo-thumb":{"file":"prepara\u00e7\u00e3o-9-conferencia-160x120.jpg","width":160,"height":120,"mime_type":"image\/jpeg","source_url":"https:\/\/sindicatos.cgtp.pt\/uniao-evora\/wp-content\/blogs.dir\/44\/files\/sites\/44\/2017\/05\/prepara\u00e7\u00e3o-9-conferencia-160x120.jpg"},"full":{"file":"prepara\u00e7\u00e3o-9-conferencia.jpg","width":1024,"height":576,"mime_type":"image\/jpeg","source_url":"https:\/\/sindicatos.cgtp.pt\/uniao-evora\/wp-content\/blogs.dir\/44\/files\/sites\/44\/2017\/05\/prepara\u00e7\u00e3o-9-conferencia.jpg"}},"image_meta":{"aperture":0,"credit":"","camera":"","caption":"","created_timestamp":0,"copyright":"","focal_length":0,"iso":0,"shutter_speed":0,"title":""}},"post":2356,"source_url":"https:\/\/sindicatos.cgtp.pt\/uniao-evora\/wp-content\/blogs.dir\/44\/files\/sites\/44\/2017\/05\/prepara\u00e7\u00e3o-9-conferencia.jpg","_links":{"self":[{"href":"https:\/\/sindicatos.cgtp.pt\/uniao-evora\/wp-json\/wp\/v2\/media\/2358","targetHints":{"allow":["GET"]}}],"collection":[{"href":"https:\/\/sindicatos.cgtp.pt\/uniao-evora\/wp-json\/wp\/v2\/media"}],"about":[{"href":"https:\/\/sindicatos.cgtp.pt\/uniao-evora\/wp-json\/wp\/v2\/types\/attachment"}],"author":[{"embeddable":true,"href":"https:\/\/sindicatos.cgtp.pt\/uniao-evora\/wp-json\/wp\/v2\/users\/41"}],"replies":[{"embeddable":true,"href":"https:\/\/sindicatos.cgtp.pt\/uniao-evora\/wp-json\/wp\/v2\/comments?post=2358"}]}}

http://sindicatos.cgtp.pt/uniao-evora/wp-content/blogs.dir/44/files/sites/44/2017/05/preparação-9-conferencia.jpg

<p class="attachment"><a href='https://sindicatos.cgtp.pt/uniao-evora/wp-content/blogs.dir/44/files/sites/44/2017/05/preparação-9-conferencia.jpg'><img loading="lazy" decoding="async" width="240" height="135" src="https://sindicatos.cgtp.pt/uniao-evora/wp-content/blogs.dir/44/files/sites/44/2017/05/preparação-9-conferencia-240x135.jpg" class="attachment-medium size-medium" alt="" srcset="https://sindicatos.cgtp.pt/uniao-evora/wp-content/blogs.dir/44/files/sites/44/2017/05/preparação-9-conferencia-240x135.jpg 240w, https://sindicatos.cgtp.pt/uniao-evora/wp-content/blogs.dir/44/files/sites/44/2017/05/preparação-9-conferencia-800x450.jpg 800w, https://sindicatos.cgtp.pt/uniao-evora/wp-content/blogs.dir/44/files/sites/44/2017/05/preparação-9-conferencia.jpg 1024w" sizes="auto, (max-width: 240px) 100vw, 240px" /></a></p>

2017/05/preparação-9-conferencia.jpg

preparação-9-conferencia-120x120.jpg

https://sindicatos.cgtp.pt/uniao-evora/wp-content/blogs.dir/44/files/sites/44/2017/05/preparação-9-conferencia-120x120.jpg

preparação-9-conferencia-240x135.jpg

https://sindicatos.cgtp.pt/uniao-evora/wp-content/blogs.dir/44/files/sites/44/2017/05/preparação-9-conferencia-240x135.jpg

preparação-9-conferencia-800x450.jpg

https://sindicatos.cgtp.pt/uniao-evora/wp-content/blogs.dir/44/files/sites/44/2017/05/preparação-9-conferencia-800x450.jpg

preparação-9-conferencia-120x80.jpg

https://sindicatos.cgtp.pt/uniao-evora/wp-content/blogs.dir/44/files/sites/44/2017/05/preparação-9-conferencia-120x80.jpg

preparação-9-conferencia-160x120.jpg

https://sindicatos.cgtp.pt/uniao-evora/wp-content/blogs.dir/44/files/sites/44/2017/05/preparação-9-conferencia-160x120.jpg

preparação-9-conferencia.jpg

https://sindicatos.cgtp.pt/uniao-evora/wp-content/blogs.dir/44/files/sites/44/2017/05/preparação-9-conferencia.jpg
