{"id":371,"date":"2013-11-27T16:05:25","date_gmt":"2013-11-27T16:05:25","guid":{"rendered":"http:\/\/sindicatos.cgtp.pt\/uniao-evora\/wp-content\/blogs.dir\/44\/files\/sites\/44\/2013\/11\/Manifesta\u00e7\u00e3o-8h-Zona-Industrial-de-\u00c9vora.jpg"},"modified":"2013-11-27T16:05:25","modified_gmt":"2013-11-27T16:05:25","slug":"manifestacao-8h-zona-industrial-de-evora","status":"inherit","type":"attachment","link":"https:\/\/sindicatos.cgtp.pt\/uniao-evora\/2013\/11\/27\/forte-adesao-no-distrito-de-evora-a-magnifica-accao-nacional-de-indignacao-protesto-e-luta\/manifestacao-8h-zona-industrial-de-evora\/","title":{"rendered":"Manifesta\u00e7\u00e3o 8h Zona Industrial de \u00c9vora"},"author":41,"featured_media":0,"comment_status":"closed","ping_status":"open","template":"","meta":[],"class_list":["post-371","attachment","type-attachment","status-inherit","hentry"],"description":{"rendered":"<p class=\"attachment\"><a href='https:\/\/sindicatos.cgtp.pt\/uniao-evora\/wp-content\/blogs.dir\/44\/files\/sites\/44\/2013\/11\/Manifesta\u00e7\u00e3o-8h-Zona-Industrial-de-\u00c9vora.jpg'><img loading=\"lazy\" decoding=\"async\" width=\"160\" height=\"106\" src=\"https:\/\/sindicatos.cgtp.pt\/uniao-evora\/wp-content\/blogs.dir\/44\/files\/sites\/44\/2013\/11\/Manifesta\u00e7\u00e3o-8h-Zona-Industrial-de-\u00c9vora.jpg\" class=\"attachment-medium size-medium\" alt=\"\" srcset=\"https:\/\/sindicatos.cgtp.pt\/uniao-evora\/wp-content\/blogs.dir\/44\/files\/sites\/44\/2013\/11\/Manifesta\u00e7\u00e3o-8h-Zona-Industrial-de-\u00c9vora.jpg 160w, https:\/\/sindicatos.cgtp.pt\/uniao-evora\/wp-content\/blogs.dir\/44\/files\/sites\/44\/2013\/11\/Manifesta\u00e7\u00e3o-8h-Zona-Industrial-de-\u00c9vora-120x80.jpg 120w\" sizes=\"auto, (max-width: 160px) 100vw, 160px\" \/><\/a><\/p>\n"},"caption":{"rendered":""},"alt_text":"","media_type":"image","mime_type":"image\/jpeg","media_details":{"width":160,"height":106,"file":"2013\/11\/Manifesta\u00e7\u00e3o-8h-Zona-Industrial-de-\u00c9vora.jpg","sizes":{"thumbnail":{"file":"Manifesta\u00e7\u00e3o-8h-Zona-Industrial-de-\u00c9vora-120x106.jpg","width":120,"height":106,"mime_type":"image\/jpeg","source_url":"https:\/\/sindicatos.cgtp.pt\/uniao-evora\/wp-content\/blogs.dir\/44\/files\/sites\/44\/2013\/11\/Manifesta\u00e7\u00e3o-8h-Zona-Industrial-de-\u00c9vora-120x106.jpg"},"album-thumb":{"file":"Manifesta\u00e7\u00e3o-8h-Zona-Industrial-de-\u00c9vora-120x80.jpg","width":120,"height":80,"mime_type":"image\/jpeg","source_url":"https:\/\/sindicatos.cgtp.pt\/uniao-evora\/wp-content\/blogs.dir\/44\/files\/sites\/44\/2013\/11\/Manifesta\u00e7\u00e3o-8h-Zona-Industrial-de-\u00c9vora-120x80.jpg"},"full":{"file":"Manifesta\u00e7\u00e3o-8h-Zona-Industrial-de-\u00c9vora.jpg","width":160,"height":106,"mime_type":"image\/jpeg","source_url":"https:\/\/sindicatos.cgtp.pt\/uniao-evora\/wp-content\/blogs.dir\/44\/files\/sites\/44\/2013\/11\/Manifesta\u00e7\u00e3o-8h-Zona-Industrial-de-\u00c9vora.jpg"}},"image_meta":{"aperture":0,"credit":"","camera":"","caption":"","created_timestamp":0,"copyright":"","focal_length":0,"iso":0,"shutter_speed":0,"title":""}},"post":365,"source_url":"https:\/\/sindicatos.cgtp.pt\/uniao-evora\/wp-content\/blogs.dir\/44\/files\/sites\/44\/2013\/11\/Manifesta\u00e7\u00e3o-8h-Zona-Industrial-de-\u00c9vora.jpg","_links":{"self":[{"href":"https:\/\/sindicatos.cgtp.pt\/uniao-evora\/wp-json\/wp\/v2\/media\/371","targetHints":{"allow":["GET"]}}],"collection":[{"href":"https:\/\/sindicatos.cgtp.pt\/uniao-evora\/wp-json\/wp\/v2\/media"}],"about":[{"href":"https:\/\/sindicatos.cgtp.pt\/uniao-evora\/wp-json\/wp\/v2\/types\/attachment"}],"author":[{"embeddable":true,"href":"https:\/\/sindicatos.cgtp.pt\/uniao-evora\/wp-json\/wp\/v2\/users\/41"}],"replies":[{"embeddable":true,"href":"https:\/\/sindicatos.cgtp.pt\/uniao-evora\/wp-json\/wp\/v2\/comments?post=371"}]}}

http://sindicatos.cgtp.pt/uniao-evora/wp-content/blogs.dir/44/files/sites/44/2013/11/Manifestação-8h-Zona-Industrial-de-Évora.jpg

Manifestação 8h Zona Industrial de Évora

<p class="attachment"><a href='https://sindicatos.cgtp.pt/uniao-evora/wp-content/blogs.dir/44/files/sites/44/2013/11/Manifestação-8h-Zona-Industrial-de-Évora.jpg'><img loading="lazy" decoding="async" width="160" height="106" src="https://sindicatos.cgtp.pt/uniao-evora/wp-content/blogs.dir/44/files/sites/44/2013/11/Manifestação-8h-Zona-Industrial-de-Évora.jpg" class="attachment-medium size-medium" alt="" srcset="https://sindicatos.cgtp.pt/uniao-evora/wp-content/blogs.dir/44/files/sites/44/2013/11/Manifestação-8h-Zona-Industrial-de-Évora.jpg 160w, https://sindicatos.cgtp.pt/uniao-evora/wp-content/blogs.dir/44/files/sites/44/2013/11/Manifestação-8h-Zona-Industrial-de-Évora-120x80.jpg 120w" sizes="auto, (max-width: 160px) 100vw, 160px" /></a></p>

2013/11/Manifestação-8h-Zona-Industrial-de-Évora.jpg

Manifestação-8h-Zona-Industrial-de-Évora-120x106.jpg

https://sindicatos.cgtp.pt/uniao-evora/wp-content/blogs.dir/44/files/sites/44/2013/11/Manifestação-8h-Zona-Industrial-de-Évora-120x106.jpg

Manifestação-8h-Zona-Industrial-de-Évora-120x80.jpg

https://sindicatos.cgtp.pt/uniao-evora/wp-content/blogs.dir/44/files/sites/44/2013/11/Manifestação-8h-Zona-Industrial-de-Évora-120x80.jpg

Manifestação-8h-Zona-Industrial-de-Évora.jpg

https://sindicatos.cgtp.pt/uniao-evora/wp-content/blogs.dir/44/files/sites/44/2013/11/Manifestação-8h-Zona-Industrial-de-Évora.jpg
